Last updated on 2025-05-10 20:49:42 CEST.
Flavor | Version | Tinstall | Tcheck | Ttotal | Status | Flags |
---|---|---|---|---|---|---|
r-devel-linux-x86_64-debian-clang | 1.0.0 | 5.92 | 67.91 | 73.83 | NOTE | |
r-devel-linux-x86_64-debian-gcc | 1.0.0 | 3.94 | 48.03 | 51.97 | NOTE | |
r-devel-linux-x86_64-fedora-clang | 1.0.0 | 115.62 | NOTE | |||
r-devel-linux-x86_64-fedora-gcc | 1.0.0 | 112.20 | NOTE | |||
r-devel-windows-x86_64 | 1.0.0 | 7.00 | 76.00 | 83.00 | NOTE | |
r-patched-linux-x86_64 | 1.0.0 | 5.38 | 63.79 | 69.17 | NOTE | |
r-release-linux-x86_64 | 1.0.0 | 6.07 | 62.64 | 68.71 | NOTE | |
r-release-macos-arm64 | 1.0.0 | 39.00 | NOTE | |||
r-release-macos-x86_64 | 1.0.0 | 61.00 | NOTE | |||
r-release-windows-x86_64 | 1.0.0 | 8.00 | 79.00 | 87.00 | NOTE | |
r-oldrel-macos-arm64 | 1.0.0 | 32.00 | NOTE | |||
r-oldrel-macos-x86_64 | 1.0.0 | 48.00 | NOTE | |||
r-oldrel-windows-x86_64 | 1.0.0 | 9.00 | 92.00 | 101.00 | NOTE |
Version: 1.0.0
Check: Rd files
Result: NOTE
checkRd: (-1) artset1987.Rd:10: Lost braces in \itemize; meant \describe ?
checkRd: (-1) tumor.Rd:10: Lost braces in \itemize; meant \describe ?
checkRd: (-1) tumor.Rd:11: Lost braces in \itemize; meant \describe ?
checkRd: (-1) tumor.Rd:12: Lost braces in \itemize; meant \describe ?
Flavors: r-devel-linux-x86_64-debian-clang, r-devel-linux-x86_64-debian-gcc, r-devel-linux-x86_64-fedora-clang, r-devel-linux-x86_64-fedora-gcc, r-devel-windows-x86_64, r-patched-linux-x86_64, r-release-linux-x86_64, r-release-macos-arm64, r-release-macos-x86_64, r-release-windows-x86_64, r-oldrel-macos-arm64, r-oldrel-macos-x86_64, r-oldrel-windows-x86_64