Last updated on 2025-05-10 20:49:42 CEST.
Flavor | Version | Tinstall | Tcheck | Ttotal | Status | Flags |
---|---|---|---|---|---|---|
r-devel-linux-x86_64-debian-clang | 1.3.2 | 2.75 | 136.70 | 139.45 | NOTE | |
r-devel-linux-x86_64-debian-gcc | 1.3.2 | 2.20 | 89.69 | 91.89 | NOTE | |
r-devel-linux-x86_64-fedora-clang | 1.3.2 | 236.19 | OK | |||
r-devel-linux-x86_64-fedora-gcc | 1.3.2 | 233.57 | OK | |||
r-devel-windows-x86_64 | 1.3.2 | 4.00 | 224.00 | 228.00 | OK | |
r-patched-linux-x86_64 | 1.3.2 | 3.23 | 131.26 | 134.49 | OK | |
r-release-linux-x86_64 | 1.3.2 | 2.89 | 130.49 | 133.38 | OK | |
r-release-macos-arm64 | 1.3.2 | 66.00 | OK | |||
r-release-macos-x86_64 | 1.3.2 | 124.00 | OK | |||
r-release-windows-x86_64 | 1.3.2 | 5.00 | 228.00 | 233.00 | OK | |
r-oldrel-macos-arm64 | 1.3.2 | 64.00 | OK | |||
r-oldrel-macos-x86_64 | 1.3.2 | 101.00 | OK | |||
r-oldrel-windows-x86_64 | 1.3.2 | 4.00 | 255.00 | 259.00 | OK |
Version: 1.3.2
Check: CRAN incoming feasibility
Result: NOTE
Maintainer: ‘Sergio Venturini <sergio.venturini@unibocconi.it>’
No Authors@R field in DESCRIPTION.
Please add one, modifying
Authors@R: person(given = "Sergio",
family = "Venturini",
role = c("aut", "cre"),
email = "sergio.venturini@unibocconi.it")
as necessary.
Flavors: r-devel-linux-x86_64-debian-clang, r-devel-linux-x86_64-debian-gcc