CRAN Package Check Results for Package GRAPE

Last updated on 2025-10-26 19:55:50 CET.

Flavor Version Tinstall Tcheck Ttotal Status Flags
r-devel-linux-x86_64-debian-clang 0.1.1 1.77 19.95 21.72 NOTE
r-devel-linux-x86_64-debian-gcc 0.1.1 1.41 16.62 18.03 NOTE
r-devel-linux-x86_64-fedora-clang 0.1.1 31.81 OK
r-devel-linux-x86_64-fedora-gcc 0.1.1 29.17 OK
r-devel-windows-x86_64 0.1.1 3.00 38.00 41.00 OK
r-patched-linux-x86_64 0.1.1 1.42 18.46 19.88 OK
r-release-linux-x86_64 0.1.1 1.63 18.74 20.37 OK
r-release-macos-arm64 0.1.1 1.00 15.00 16.00 OK
r-release-macos-x86_64 0.1.1 2.00 21.00 23.00 OK
r-release-windows-x86_64 0.1.1 4.00 40.00 44.00 OK
r-oldrel-macos-arm64 0.1.1 1.00 13.00 14.00 NOTE
r-oldrel-macos-x86_64 0.1.1 2.00 18.00 20.00 NOTE
r-oldrel-windows-x86_64 0.1.1 2.00 38.00 40.00 NOTE

Check Details

Version: 0.1.1
Check: CRAN incoming feasibility
Result: NOTE Maintainer: ‘Michael Klein <michael.klein@yale.edu>’ No Authors@R field in DESCRIPTION. Please add one, modifying Authors@R: person(given = "Michael", family = "Klein", role = c("aut", "cre"), email = "michael.klein@yale.edu") as necessary. Flavors: r-devel-linux-x86_64-debian-clang, r-devel-linux-x86_64-debian-gcc

Version: 0.1.1
Check: LazyData
Result: NOTE 'LazyData' is specified without a 'data' directory Flavors: r-oldrel-macos-arm64, r-oldrel-macos-x86_64, r-oldrel-windows-x86_64