Last updated on 2025-05-10 20:49:41 CEST.
Flavor | Version | Tinstall | Tcheck | Ttotal | Status | Flags |
---|---|---|---|---|---|---|
r-devel-linux-x86_64-debian-clang | 0.2.3 | 3.15 | 32.96 | 36.11 | NOTE | |
r-devel-linux-x86_64-debian-gcc | 0.2.3 | 2.53 | 24.42 | 26.95 | NOTE | |
r-devel-linux-x86_64-fedora-clang | 0.2.3 | 57.04 | OK | |||
r-devel-linux-x86_64-fedora-gcc | 0.2.3 | 68.97 | OK | |||
r-devel-windows-x86_64 | 0.2.3 | 5.00 | 55.00 | 60.00 | OK | |
r-patched-linux-x86_64 | 0.2.3 | 3.75 | 31.43 | 35.18 | OK | |
r-release-linux-x86_64 | 0.2.3 | 3.06 | 31.49 | 34.55 | OK | |
r-release-macos-arm64 | 0.2.3 | 25.00 | OK | |||
r-release-macos-x86_64 | 0.2.3 | 47.00 | OK | |||
r-release-windows-x86_64 | 0.2.3 | 4.00 | 56.00 | 60.00 | OK | |
r-oldrel-macos-arm64 | 0.2.3 | 24.00 | OK | |||
r-oldrel-macos-x86_64 | 0.2.3 | 47.00 | OK | |||
r-oldrel-windows-x86_64 | 0.2.3 | 5.00 | 62.00 | 67.00 | OK |
Version: 0.2.3
Check: CRAN incoming feasibility
Result: NOTE
Maintainer: ‘Manuel Villacorta Tilve <mvt.oviedo@gmail.com>’
No Authors@R field in DESCRIPTION.
Please add one, modifying
Authors@R: person(given = c("Manuel", "Villacorta"),
family = "Tilve",
role = c("aut", "cre"),
email = "mvt.oviedo@gmail.com")
as necessary.
Flavors: r-devel-linux-x86_64-debian-clang, r-devel-linux-x86_64-debian-gcc