Last updated on 2025-07-25 16:49:47 CEST.
Flavor | Version | Tinstall | Tcheck | Ttotal | Status | Flags |
---|---|---|---|---|---|---|
r-devel-linux-x86_64-debian-clang | 1.8 | 12.33 | 94.82 | 107.15 | NOTE | |
r-devel-linux-x86_64-debian-gcc | 1.8 | 9.23 | 67.39 | 76.62 | NOTE | |
r-devel-linux-x86_64-fedora-clang | 1.8 | 169.27 | OK | |||
r-devel-linux-x86_64-fedora-gcc | 1.8 | 155.66 | OK | |||
r-devel-windows-x86_64 | 1.8 | 12.00 | 99.00 | 111.00 | OK | |
r-patched-linux-x86_64 | 1.8 | 10.57 | 88.37 | 98.94 | OK | |
r-release-linux-x86_64 | 1.8 | 11.36 | 90.15 | 101.51 | OK | |
r-release-macos-arm64 | 1.8 | 47.00 | OK | |||
r-release-macos-x86_64 | 1.8 | 82.00 | OK | |||
r-release-windows-x86_64 | 1.8 | 13.00 | 98.00 | 111.00 | OK | |
r-oldrel-macos-arm64 | 1.8 | 44.00 | OK | |||
r-oldrel-macos-x86_64 | 1.8 | 103.00 | OK | |||
r-oldrel-windows-x86_64 | 1.8 | 17.00 | 126.00 | 143.00 | OK |
Version: 1.8
Check: CRAN incoming feasibility
Result: NOTE
Maintainer: ‘Osman Dag <osman.dag@outlook.com>’
No Authors@R field in DESCRIPTION.
Please add one, modifying
Authors@R: c(person(given = "Osman",
family = "Dag",
role = c("aut", "cre"),
email = "osman.dag@outlook.com"),
person(given = "Erdem",
family = "Karabulut",
role = "aut"),
person(given = "Reha",
family = "Alpar",
role = "aut"),
person(given = "Merve",
family = "Kasikci",
role = "ctb"))
as necessary.
Flavors: r-devel-linux-x86_64-debian-clang, r-devel-linux-x86_64-debian-gcc