Last updated on 2025-05-10 16:52:17 CEST.
Flavor | Version | Tinstall | Tcheck | Ttotal | Status | Flags |
---|---|---|---|---|---|---|
r-devel-linux-x86_64-debian-clang | 0.1-12.7.1 | 5.93 | 77.20 | 83.13 | NOTE | |
r-devel-linux-x86_64-debian-gcc | 0.1-12.7.1 | 3.95 | 54.31 | 58.26 | NOTE | |
r-devel-linux-x86_64-fedora-clang | 0.1-12.7.1 | 135.83 | NOTE | |||
r-devel-linux-x86_64-fedora-gcc | 0.1-12.7.1 | 141.14 | NOTE | |||
r-devel-windows-x86_64 | 0.1-12.7.1 | 10.00 | 116.00 | 126.00 | NOTE | |
r-patched-linux-x86_64 | 0.1-12.7.1 | 5.20 | 74.36 | 79.56 | NOTE | |
r-release-linux-x86_64 | 0.1-12.7.1 | 4.89 | 73.02 | 77.91 | NOTE | |
r-release-macos-arm64 | 0.1-12.7.1 | 54.00 | NOTE | |||
r-release-macos-x86_64 | 0.1-12.7.1 | 108.00 | NOTE | |||
r-release-windows-x86_64 | 0.1-12.7.1 | 11.00 | 97.00 | 108.00 | ERROR | |
r-oldrel-macos-arm64 | 0.1-12.7.1 | 69.00 | OK | |||
r-oldrel-macos-x86_64 | 0.1-12.7.1 | 144.00 | OK | |||
r-oldrel-windows-x86_64 | 0.1-12.7.1 | 10.00 | 133.00 | 143.00 | OK |
Version: 0.1-12.7.1
Check: CRAN incoming feasibility
Result: NOTE
Maintainer: ‘Benjamin Auder <benjamin.auder@universite-paris-saclay.fr>’
No Authors@R field in DESCRIPTION.
Please add one, modifying
Authors@R: c(person(given = "Annie",
family = "Bouvier",
role = "aut"),
person(given = "Christophe",
family = "Giraud",
role = "aut"),
person(given = "Sylvie",
family = "Huet",
role = "aut"),
person(given = "Nicolas",
family = "Verzelen.",
role = "aut"),
person(given = "Benjamin",
family = "Auder",
role = "cre",
email = "benjamin.auder@universite-paris-saclay.fr"))
as necessary.
Flavors: r-devel-linux-x86_64-debian-clang, r-devel-linux-x86_64-debian-gcc
Version: 0.1-12.7.1
Check: tests
Result: NOTE
Running ‘bsch.R’ [1s/1s]
Comparing ‘bsch.Rout’ to ‘bsch.Rout.save’ ...3a4
>
Running ‘penInf.R’ [5s/7s]
Comparing ‘penInf.Rout’ to ‘penInf.Rout.save’ ...5a6
>
Running ‘sh9.2012.R’ [3s/3s]
Comparing ‘sh9.2012.Rout’ to ‘sh9.2012.Rout.save’ ...3a4
>
Running ‘shPUR.R’ [3s/5s]
Comparing ‘shPUR.Rout’ to ‘shPUR.Rout.save’ ...3a4
>
Running ‘test1Fast.R’ [4s/6s]
Comparing ‘test1Fast.Rout’ to ‘test1Fast.Rout.save’ ...3a4
>
Running ‘test1QE.R’ [2s/3s]
Comparing ‘test1QE.Rout’ to ‘test1QE.Rout.save’ ...3a4
>
Running ‘test2Fast.R’ [4s/6s]
Comparing ‘test2Fast.Rout’ to ‘test2Fast.Rout.save’ ...3a4
>
Running ‘test2QE.R’ [2s/3s]
Comparing ‘test2QE.Rout’ to ‘test2QE.Rout.save’ ...3a4
>
Running ‘test3Fast.R’ [5s/6s]
Comparing ‘test3Fast.Rout’ to ‘test3Fast.Rout.save’ ...3a4
>
Running ‘test3QE.R’ [2s/3s]
Comparing ‘test3QE.Rout’ to ‘test3QE.Rout.save’ ...3a4
>
Running ‘test5Fast.R’ [4s/7s]
Comparing ‘test5Fast.Rout’ to ‘test5Fast.Rout.save’ ...3a4
>
Running ‘test7Fast.R’ [5s/7s]
Comparing ‘test7Fast.Rout’ to ‘test7Fast.Rout.save’ ...3a4
>
Running ‘testMyFam.R’ [1s/2s]
Comparing ‘testMyFam.Rout’ to ‘testMyFam.Rout.save’ ...3a4
>
Flavor: r-devel-linux-x86_64-debian-clang
Version: 0.1-12.7.1
Check: tests
Result: NOTE
Running ‘bsch.R’ [1s/1s]
Comparing ‘bsch.Rout’ to ‘bsch.Rout.save’ ...3a4
>
Running ‘penInf.R’ [3s/4s]
Comparing ‘penInf.Rout’ to ‘penInf.Rout.save’ ...5a6
>
Running ‘sh9.2012.R’ [2s/3s]
Comparing ‘sh9.2012.Rout’ to ‘sh9.2012.Rout.save’ ...3a4
>
Running ‘shPUR.R’ [2s/2s]
Comparing ‘shPUR.Rout’ to ‘shPUR.Rout.save’ ...3a4
>
Running ‘test1Fast.R’ [3s/4s]
Comparing ‘test1Fast.Rout’ to ‘test1Fast.Rout.save’ ...3a4
>
Running ‘test1QE.R’ [2s/2s]
Comparing ‘test1QE.Rout’ to ‘test1QE.Rout.save’ ...3a4
>
Running ‘test2Fast.R’ [3s/3s]
Comparing ‘test2Fast.Rout’ to ‘test2Fast.Rout.save’ ...3a4
>
Running ‘test2QE.R’ [1s/1s]
Comparing ‘test2QE.Rout’ to ‘test2QE.Rout.save’ ...3a4
>
Running ‘test3Fast.R’ [3s/3s]
Comparing ‘test3Fast.Rout’ to ‘test3Fast.Rout.save’ ...3a4
>
Running ‘test3QE.R’ [1s/2s]
Comparing ‘test3QE.Rout’ to ‘test3QE.Rout.save’ ...3a4
>
Running ‘test5Fast.R’ [3s/3s]
Comparing ‘test5Fast.Rout’ to ‘test5Fast.Rout.save’ ...3a4
>
Running ‘test7Fast.R’ [3s/4s]
Comparing ‘test7Fast.Rout’ to ‘test7Fast.Rout.save’ ...3a4
>
Running ‘testMyFam.R’ [1s/1s]
Comparing ‘testMyFam.Rout’ to ‘testMyFam.Rout.save’ ...3a4
>
Flavor: r-devel-linux-x86_64-debian-gcc
Version: 0.1-12.7.1
Check: tests
Result: NOTE
Running ‘bsch.R’
Comparing ‘bsch.Rout’ to ‘bsch.Rout.save’ ...3a4
>
Running ‘penInf.R’
Comparing ‘penInf.Rout’ to ‘penInf.Rout.save’ ...5a6
>
Running ‘sh9.2012.R’
Comparing ‘sh9.2012.Rout’ to ‘sh9.2012.Rout.save’ ...3a4
>
Running ‘shPUR.R’
Comparing ‘shPUR.Rout’ to ‘shPUR.Rout.save’ ...3a4
>
Running ‘test1Fast.R’
Comparing ‘test1Fast.Rout’ to ‘test1Fast.Rout.save’ ...3a4
>
Running ‘test1QE.R’
Comparing ‘test1QE.Rout’ to ‘test1QE.Rout.save’ ...3a4
>
Running ‘test2Fast.R’
Comparing ‘test2Fast.Rout’ to ‘test2Fast.Rout.save’ ...3a4
>
Running ‘test2QE.R’
Comparing ‘test2QE.Rout’ to ‘test2QE.Rout.save’ ...3a4
>
Running ‘test3Fast.R’
Comparing ‘test3Fast.Rout’ to ‘test3Fast.Rout.save’ ...3a4
>
Running ‘test3QE.R’
Comparing ‘test3QE.Rout’ to ‘test3QE.Rout.save’ ...3a4
>
Running ‘test5Fast.R’
Comparing ‘test5Fast.Rout’ to ‘test5Fast.Rout.save’ ...3a4
>
Running ‘test7Fast.R’
Comparing ‘test7Fast.Rout’ to ‘test7Fast.Rout.save’ ...3a4
>
Running ‘testMyFam.R’
Comparing ‘testMyFam.Rout’ to ‘testMyFam.Rout.save’ ...3a4
>
Flavor: r-devel-linux-x86_64-fedora-clang
Version: 0.1-12.7.1
Check: tests
Result: NOTE
Running ‘bsch.R’
Comparing ‘bsch.Rout’ to ‘bsch.Rout.save’ ...3a4
>
Running ‘penInf.R’ [8s/11s]
Comparing ‘penInf.Rout’ to ‘penInf.Rout.save’ ...5a6
>
Running ‘sh9.2012.R’
Comparing ‘sh9.2012.Rout’ to ‘sh9.2012.Rout.save’ ...3a4
>
Running ‘shPUR.R’
Comparing ‘shPUR.Rout’ to ‘shPUR.Rout.save’ ...3a4
>
Running ‘test1Fast.R’
Comparing ‘test1Fast.Rout’ to ‘test1Fast.Rout.save’ ...3a4
>
Running ‘test1QE.R’
Comparing ‘test1QE.Rout’ to ‘test1QE.Rout.save’ ...3a4
>
Running ‘test2Fast.R’
Comparing ‘test2Fast.Rout’ to ‘test2Fast.Rout.save’ ...3a4
>
Running ‘test2QE.R’
Comparing ‘test2QE.Rout’ to ‘test2QE.Rout.save’ ...3a4
>
Running ‘test3Fast.R’
Comparing ‘test3Fast.Rout’ to ‘test3Fast.Rout.save’ ...3a4
>
Running ‘test3QE.R’
Comparing ‘test3QE.Rout’ to ‘test3QE.Rout.save’ ...3a4
>
Running ‘test5Fast.R’ [8s/10s]
Comparing ‘test5Fast.Rout’ to ‘test5Fast.Rout.save’ ...3a4
>
Running ‘test7Fast.R’ [8s/10s]
Comparing ‘test7Fast.Rout’ to ‘test7Fast.Rout.save’ ...3a4
>
Running ‘testMyFam.R’
Comparing ‘testMyFam.Rout’ to ‘testMyFam.Rout.save’ ...3a4
>
Flavor: r-devel-linux-x86_64-fedora-gcc
Version: 0.1-12.7.1
Check: tests
Result: NOTE
Running 'bsch.R' [2s]
Comparing 'bsch.Rout' to 'bsch.Rout.save' ...3a4
>
Running 'penInf.R' [5s]
Comparing 'penInf.Rout' to 'penInf.Rout.save' ...5a6
>
Running 'sh9.2012.R' [3s]
Comparing 'sh9.2012.Rout' to 'sh9.2012.Rout.save' ...3a4
>
Running 'shPUR.R' [2s]
Comparing 'shPUR.Rout' to 'shPUR.Rout.save' ...3a4
>
Running 'test1Fast.R' [4s]
Comparing 'test1Fast.Rout' to 'test1Fast.Rout.save' ...3a4
>
Running 'test1QE.R' [2s]
Comparing 'test1QE.Rout' to 'test1QE.Rout.save' ...3a4
>
Running 'test2Fast.R' [4s]
Comparing 'test2Fast.Rout' to 'test2Fast.Rout.save' ...3a4
>
Running 'test2QE.R' [1s]
Comparing 'test2QE.Rout' to 'test2QE.Rout.save' ...3a4
>
Running 'test3Fast.R' [5s]
Comparing 'test3Fast.Rout' to 'test3Fast.Rout.save' ...3a4
>
Running 'test3QE.R' [2s]
Comparing 'test3QE.Rout' to 'test3QE.Rout.save' ...3a4
>
Running 'test5Fast.R' [5s]
Comparing 'test5Fast.Rout' to 'test5Fast.Rout.save' ...3a4
>
Running 'test7Fast.R' [5s]
Comparing 'test7Fast.Rout' to 'test7Fast.Rout.save' ...3a4
>
Running 'testMyFam.R' [1s]
Comparing 'testMyFam.Rout' to 'testMyFam.Rout.save' ...3a4
>
Flavor: r-devel-windows-x86_64
Version: 0.1-12.7.1
Check: tests
Result: NOTE
Running ‘bsch.R’ [1s/2s]
Comparing ‘bsch.Rout’ to ‘bsch.Rout.save’ ...3a4
>
Running ‘penInf.R’ [5s/6s]
Comparing ‘penInf.Rout’ to ‘penInf.Rout.save’ ...5a6
>
Running ‘sh9.2012.R’ [3s/4s]
Comparing ‘sh9.2012.Rout’ to ‘sh9.2012.Rout.save’ ...3a4
>
Running ‘shPUR.R’ [3s/4s]
Comparing ‘shPUR.Rout’ to ‘shPUR.Rout.save’ ...3a4
>
Running ‘test1Fast.R’ [4s/5s]
Comparing ‘test1Fast.Rout’ to ‘test1Fast.Rout.save’ ...3a4
>
Running ‘test1QE.R’ [2s/3s]
Comparing ‘test1QE.Rout’ to ‘test1QE.Rout.save’ ...3a4
>
Running ‘test2Fast.R’ [4s/5s]
Comparing ‘test2Fast.Rout’ to ‘test2Fast.Rout.save’ ...3a4
>
Running ‘test2QE.R’ [2s/2s]
Comparing ‘test2QE.Rout’ to ‘test2QE.Rout.save’ ...3a4
>
Running ‘test3Fast.R’ [5s/6s]
Comparing ‘test3Fast.Rout’ to ‘test3Fast.Rout.save’ ...3a4
>
Running ‘test3QE.R’ [2s/2s]
Comparing ‘test3QE.Rout’ to ‘test3QE.Rout.save’ ...3a4
>
Running ‘test5Fast.R’ [5s/5s]
Comparing ‘test5Fast.Rout’ to ‘test5Fast.Rout.save’ ...3a4
>
Running ‘test7Fast.R’ [5s/6s]
Comparing ‘test7Fast.Rout’ to ‘test7Fast.Rout.save’ ...3a4
>
Running ‘testMyFam.R’ [1s/1s]
Comparing ‘testMyFam.Rout’ to ‘testMyFam.Rout.save’ ...3a4
>
Flavor: r-patched-linux-x86_64
Version: 0.1-12.7.1
Check: tests
Result: NOTE
Running ‘bsch.R’ [1s/1s]
Comparing ‘bsch.Rout’ to ‘bsch.Rout.save’ ...3a4
>
Running ‘penInf.R’ [5s/6s]
Comparing ‘penInf.Rout’ to ‘penInf.Rout.save’ ...5a6
>
Running ‘sh9.2012.R’ [3s/3s]
Comparing ‘sh9.2012.Rout’ to ‘sh9.2012.Rout.save’ ...3a4
>
Running ‘shPUR.R’ [3s/4s]
Comparing ‘shPUR.Rout’ to ‘shPUR.Rout.save’ ...3a4
>
Running ‘test1Fast.R’ [4s/5s]
Comparing ‘test1Fast.Rout’ to ‘test1Fast.Rout.save’ ...3a4
>
Running ‘test1QE.R’ [2s/2s]
Comparing ‘test1QE.Rout’ to ‘test1QE.Rout.save’ ...3a4
>
Running ‘test2Fast.R’ [4s/5s]
Comparing ‘test2Fast.Rout’ to ‘test2Fast.Rout.save’ ...3a4
>
Running ‘test2QE.R’ [1s/2s]
Comparing ‘test2QE.Rout’ to ‘test2QE.Rout.save’ ...3a4
>
Running ‘test3Fast.R’ [5s/5s]
Comparing ‘test3Fast.Rout’ to ‘test3Fast.Rout.save’ ...3a4
>
Running ‘test3QE.R’ [2s/2s]
Comparing ‘test3QE.Rout’ to ‘test3QE.Rout.save’ ...3a4
>
Running ‘test5Fast.R’ [5s/6s]
Comparing ‘test5Fast.Rout’ to ‘test5Fast.Rout.save’ ...3a4
>
Running ‘test7Fast.R’ [5s/6s]
Comparing ‘test7Fast.Rout’ to ‘test7Fast.Rout.save’ ...3a4
>
Running ‘testMyFam.R’ [1s/1s]
Comparing ‘testMyFam.Rout’ to ‘testMyFam.Rout.save’ ...3a4
>
Flavor: r-release-linux-x86_64
Version: 0.1-12.7.1
Check: tests
Result: NOTE
Running ‘bsch.R’ [1s/1s]
Comparing ‘bsch.Rout’ to ‘bsch.Rout.save’ ...3a4
>
Running ‘penInf.R’ [2s/3s]
Comparing ‘penInf.Rout’ to ‘penInf.Rout.save’ ...5a6
>
Running ‘sh9.2012.R’ [2s/2s]
Comparing ‘sh9.2012.Rout’ to ‘sh9.2012.Rout.save’ ...3a4
>
Running ‘shPUR.R’ [2s/2s]
Comparing ‘shPUR.Rout’ to ‘shPUR.Rout.save’ ...3a4
>
Running ‘test1Fast.R’ [2s/2s]
Comparing ‘test1Fast.Rout’ to ‘test1Fast.Rout.save’ ...3a4
>
Running ‘test1QE.R’ [1s/1s]
Comparing ‘test1QE.Rout’ to ‘test1QE.Rout.save’ ...3a4
>
Running ‘test2Fast.R’ [2s/2s]
Comparing ‘test2Fast.Rout’ to ‘test2Fast.Rout.save’ ...3a4
>
Running ‘test2QE.R’ [1s/1s]
Comparing ‘test2QE.Rout’ to ‘test2QE.Rout.save’ ...3a4
>
Running ‘test3Fast.R’ [2s/2s]
Comparing ‘test3Fast.Rout’ to ‘test3Fast.Rout.save’ ...3a4
>
Running ‘test3QE.R’ [0s/1s]
Comparing ‘test3QE.Rout’ to ‘test3QE.Rout.save’ ...3a4
>
Running ‘test5Fast.R’ [2s/2s]
Comparing ‘test5Fast.Rout’ to ‘test5Fast.Rout.save’ ...3a4
>
Running ‘test7Fast.R’ [2s/3s]
Comparing ‘test7Fast.Rout’ to ‘test7Fast.Rout.save’ ...3a4
>
Running ‘testMyFam.R’ [0s/0s]
Comparing ‘testMyFam.Rout’ to ‘testMyFam.Rout.save’ ...3a4
>
Flavor: r-release-macos-arm64
Version: 0.1-12.7.1
Check: tests
Result: NOTE
Running ‘bsch.R’ [1s/2s]
Comparing ‘bsch.Rout’ to ‘bsch.Rout.save’ ...3a4
>
Running ‘penInf.R’ [4s/5s]
Comparing ‘penInf.Rout’ to ‘penInf.Rout.save’ ...5a6
>
Running ‘sh9.2012.R’ [2s/3s]
Comparing ‘sh9.2012.Rout’ to ‘sh9.2012.Rout.save’ ...3a4
>
Running ‘shPUR.R’ [2s/3s]
Comparing ‘shPUR.Rout’ to ‘shPUR.Rout.save’ ...3a4
>
Running ‘test1Fast.R’ [3s/4s]
Comparing ‘test1Fast.Rout’ to ‘test1Fast.Rout.save’ ...3a4
>
Running ‘test1QE.R’ [1s/2s]
Comparing ‘test1QE.Rout’ to ‘test1QE.Rout.save’ ...3a4
>
Running ‘test2Fast.R’ [3s/4s]
Comparing ‘test2Fast.Rout’ to ‘test2Fast.Rout.save’ ...3a4
>
Running ‘test2QE.R’ [1s/1s]
Comparing ‘test2QE.Rout’ to ‘test2QE.Rout.save’ ...3a4
>
Running ‘test3Fast.R’ [4s/5s]
Comparing ‘test3Fast.Rout’ to ‘test3Fast.Rout.save’ ...3a4
>
Running ‘test3QE.R’ [1s/1s]
Comparing ‘test3QE.Rout’ to ‘test3QE.Rout.save’ ...3a4
>
Running ‘test5Fast.R’ [3s/5s]
Comparing ‘test5Fast.Rout’ to ‘test5Fast.Rout.save’ ...3a4
>
Running ‘test7Fast.R’ [4s/6s]
Comparing ‘test7Fast.Rout’ to ‘test7Fast.Rout.save’ ...3a4
>
Running ‘testMyFam.R’ [1s/1s]
Comparing ‘testMyFam.Rout’ to ‘testMyFam.Rout.save’ ...3a4
>
Flavor: r-release-macos-x86_64
Version: 0.1-12.7.1
Check: tests
Result: NOTE
Running 'bsch.R' [2s]
Comparing 'bsch.Rout' to 'bsch.Rout.save' ...3a4
>
Running 'penInf.R' [5s]
Comparing 'penInf.Rout' to 'penInf.Rout.save' ...5a6
>
Running 'sh9.2012.R' [2s]
Comparing 'sh9.2012.Rout' to 'sh9.2012.Rout.save' ...3a4
>
Running 'shPUR.R' [2s]
Comparing 'shPUR.Rout' to 'shPUR.Rout.save' ...3a4
>
Running 'test1Fast.R' [4s]
Comparing 'test1Fast.Rout' to 'test1Fast.Rout.save' ...3a4
>
Running 'test1QE.R' [2s]
Comparing 'test1QE.Rout' to 'test1QE.Rout.save' ...3a4
>
Running 'test2Fast.R' [4s]
Comparing 'test2Fast.Rout' to 'test2Fast.Rout.save' ...3a4
>
Running 'test2QE.R' [1s]
Comparing 'test2QE.Rout' to 'test2QE.Rout.save' ...3a4
>
Running 'test3Fast.R' [5s]
Comparing 'test3Fast.Rout' to 'test3Fast.Rout.save' ...3a4
>
Running 'test3QE.R' [1s]
Comparing 'test3QE.Rout' to 'test3QE.Rout.save' ...3a4
>
Running 'test5Fast.R' [5s]
Comparing 'test5Fast.Rout' to 'test5Fast.Rout.save' ...3a4
>
Running 'test7Fast.R' [5s]
Comparing 'test7Fast.Rout' to 'test7Fast.Rout.save' ...3a4
>
Running 'testMyFam.R' [1s]
Comparing 'testMyFam.Rout' to 'testMyFam.Rout.save' ...3a4
>
Flavor: r-release-windows-x86_64
Version: 0.1-12.7.1
Check: re-building of vignette outputs
Result: ERROR
Error(s) in re-building vignettes:
--- re-building 'Notice.Rnw' using Sweave
Loading required package: mvtnorm
'network' 1.19.0 (2024-12-08), part of the Statnet Project
* 'news(package="network")' for changes since last version
* 'citation("network")' for citation information
* 'https://statnet.org' for help, support, and other information
Error: processing vignette 'Notice.Rnw' failed with diagnostics:
chunk 6 (label = exMyFam)
Error in checkinit(p, n, MyFamily) :
the 1st adjacency matrix is not symmetric. Please provide symmetric matrices
--- failed re-building 'Notice.Rnw'
SUMMARY: processing the following file failed:
'Notice.Rnw'
Error: Vignette re-building failed.
Execution halted
Flavor: r-release-windows-x86_64