Last updated on 2025-05-10 16:52:17 CEST.
Flavor | Version | Tinstall | Tcheck | Ttotal | Status | Flags |
---|---|---|---|---|---|---|
r-devel-linux-x86_64-debian-clang | 0.3.4.1 | 282.21 | 69.54 | 351.75 | NOTE | |
r-devel-linux-x86_64-debian-gcc | 0.3.4.1 | 185.31 | 47.69 | 233.00 | NOTE | |
r-devel-linux-x86_64-fedora-clang | 0.3.4.1 | 739.05 | OK | |||
r-devel-linux-x86_64-fedora-gcc | 0.3.4.1 | 680.71 | OK | |||
r-devel-windows-x86_64 | 0.3.4.1 | 319.00 | 110.00 | 429.00 | NOTE | |
r-patched-linux-x86_64 | 0.3.4.1 | 271.01 | 63.82 | 334.83 | NOTE | |
r-release-linux-x86_64 | 0.3.4.1 | 270.40 | 64.82 | 335.22 | NOTE | |
r-release-macos-arm64 | 0.3.4.1 | 129.00 | OK | |||
r-release-macos-x86_64 | 0.3.4.1 | 155.00 | OK | |||
r-release-windows-x86_64 | 0.3.4.1 | 314.00 | 111.00 | 425.00 | NOTE | |
r-oldrel-macos-arm64 | 0.3.4.1 | 123.00 | NOTE | |||
r-oldrel-macos-x86_64 | 0.3.4.1 | 196.00 | NOTE | |||
r-oldrel-windows-x86_64 | 0.3.4.1 | 370.00 | 132.00 | 502.00 | OK |
Version: 0.3.4.1
Check: Rd cross-references
Result: NOTE
Found the following Rd file(s) with Rd \link{} targets missing package
anchors:
Goals.Rd: zoo
MultiGASFit.Rd: hessian
UniGASFit.Rd: hessian
cpichg.Rd: xts
fn.solnp.Rd: solnp
sp500ret.Rd: xts
sp500rv.Rd: xts
usunp.Rd: xts
Please provide package anchors for all Rd \link{} targets not in the
package itself and the base packages.
Flavors: r-devel-linux-x86_64-debian-clang, r-devel-linux-x86_64-debian-gcc, r-devel-windows-x86_64, r-patched-linux-x86_64, r-release-linux-x86_64, r-release-windows-x86_64
Version: 0.3.4.1
Check: installed package size
Result: NOTE
installed size is 11.8Mb
sub-directories of 1Mb or more:
data 1.4Mb
libs 9.7Mb
Flavors: r-oldrel-macos-arm64, r-oldrel-macos-x86_64