Last updated on 2024-05-19 12:53:46 CEST.
Flavor | Version | Tinstall | Tcheck | Ttotal | Status | Flags |
---|---|---|---|---|---|---|
r-devel-linux-x86_64-debian-clang | 0.9.5 | 7.40 | 40.12 | 47.52 | NOTE | |
r-devel-linux-x86_64-debian-gcc | 0.9.5 | 5.54 | 30.32 | 35.86 | NOTE | |
r-devel-linux-x86_64-fedora-clang | 0.9.5 | 60.13 | NOTE | |||
r-devel-linux-x86_64-fedora-gcc | 0.9.5 | 75.41 | NOTE | |||
r-devel-windows-x86_64 | 0.9.5 | 7.00 | 60.00 | 67.00 | NOTE | |
r-patched-linux-x86_64 | 0.9.5 | 7.37 | 37.87 | 45.24 | NOTE | |
r-release-linux-x86_64 | 0.9.5 | 7.01 | 38.28 | 45.29 | NOTE | |
r-release-macos-arm64 | 0.9.5 | 29.00 | NOTE | |||
r-release-windows-x86_64 | 0.9.5 | 8.00 | 61.00 | 69.00 | NOTE | |
r-oldrel-macos-arm64 | 0.9.5 | 35.00 | NOTE | |||
r-oldrel-macos-x86_64 | 0.9.5 | 44.00 | NOTE | |||
r-oldrel-windows-x86_64 | 0.9.5 | 7.00 | 61.00 | 68.00 | NOTE |
Version: 0.9.5
Check: LazyData
Result: NOTE
'LazyData' is specified without a 'data' directory
Flavors: r-devel-linux-x86_64-debian-clang, r-devel-linux-x86_64-debian-gcc, r-devel-linux-x86_64-fedora-clang, r-devel-linux-x86_64-fedora-gcc, r-devel-windows-x86_64, r-patched-linux-x86_64, r-release-linux-x86_64, r-release-macos-arm64, r-release-windows-x86_64, r-oldrel-macos-arm64, r-oldrel-macos-x86_64, r-oldrel-windows-x86_64