CRAN Package Check Results for Package ForecastComb

Last updated on 2025-05-10 12:49:42 CEST.

Flavor Version Tinstall Tcheck Ttotal Status Flags
r-devel-linux-x86_64-debian-clang 1.3.1 14.82 175.85 190.67 NOTE
r-devel-linux-x86_64-debian-gcc 1.3.1 10.21 114.14 124.35 NOTE
r-devel-linux-x86_64-fedora-clang 1.3.1 285.94 OK
r-devel-linux-x86_64-fedora-gcc 1.3.1 283.43 OK
r-devel-windows-x86_64 1.3.1 16.00 163.00 179.00 NOTE
r-patched-linux-x86_64 1.3.1 14.57 164.65 179.22 NOTE
r-release-linux-x86_64 1.3.1 11.43 163.85 175.28 NOTE
r-release-macos-arm64 1.3.1 191.00 OK
r-release-macos-x86_64 1.3.1 180.00 OK
r-release-windows-x86_64 1.3.1 15.00 160.00 175.00 NOTE
r-oldrel-macos-arm64 1.3.1 62.00 OK
r-oldrel-macos-x86_64 1.3.1 112.00 OK
r-oldrel-windows-x86_64 1.3.1 21.00 212.00 233.00 OK

Check Details

Version: 1.3.1
Check: CRAN incoming feasibility
Result: NOTE Maintainer: ‘Christoph E. Weiss <info@ceweiss.com>’ No Authors@R field in DESCRIPTION. Please add one, modifying Authors@R: c(person(given = c("Christoph", "E."), family = "Weiss", role = c("aut", "cre"), email = "info@ceweiss.com"), person(given = c("Gernot", "R."), family = "Roetzer", role = "aut"), person(given = "Eran", family = "Raviv", role = "aut")) as necessary. Flavors: r-devel-linux-x86_64-debian-clang, r-devel-linux-x86_64-debian-gcc

Version: 1.3.1
Check: Rd cross-references
Result: NOTE Found the following Rd file(s) with Rd \link{} targets missing package anchors: comb_EIG2.Rd: accuracy comb_SA.Rd: accuracy Please provide package anchors for all Rd \link{} targets not in the package itself and the base packages. Flavors: r-devel-linux-x86_64-debian-clang, r-devel-linux-x86_64-debian-gcc, r-devel-windows-x86_64, r-patched-linux-x86_64, r-release-linux-x86_64, r-release-windows-x86_64