Last updated on 2025-05-10 20:49:40 CEST.
Flavor | Version | Tinstall | Tcheck | Ttotal | Status | Flags |
---|---|---|---|---|---|---|
r-devel-linux-x86_64-debian-clang | 1.6 | 8.59 | 77.50 | 86.09 | NOTE | |
r-devel-linux-x86_64-debian-gcc | 1.6 | 5.82 | 54.12 | 59.94 | NOTE | |
r-devel-linux-x86_64-fedora-clang | 1.6 | 125.71 | OK | |||
r-devel-linux-x86_64-fedora-gcc | 1.6 | 131.72 | OK | |||
r-devel-windows-x86_64 | 1.6 | 10.00 | 89.00 | 99.00 | OK | |
r-patched-linux-x86_64 | 1.6 | 7.35 | 72.67 | 80.02 | OK | |
r-release-linux-x86_64 | 1.6 | 7.77 | 71.63 | 79.40 | OK | |
r-release-macos-arm64 | 1.6 | 58.00 | OK | |||
r-release-macos-x86_64 | 1.6 | 132.00 | OK | |||
r-release-windows-x86_64 | 1.6 | 10.00 | 91.00 | 101.00 | OK | |
r-oldrel-macos-arm64 | 1.6 | 40.00 | OK | |||
r-oldrel-macos-x86_64 | 1.6 | 74.00 | OK | |||
r-oldrel-windows-x86_64 | 1.6 | 12.00 | 112.00 | 124.00 | OK |
Version: 1.6
Check: CRAN incoming feasibility
Result: NOTE
Maintainer: ‘Charles Bouveyron <charles.bouveyron@gmail.com>’
No Authors@R field in DESCRIPTION.
Please add one, modifying
Authors@R: c(person(given = "Charles",
family = "Bouveyron",
role = c("aut", "cre"),
email = "charles.bouveyron@gmail.com"),
person(given = c("Camille", "Brunet", "&", "Nicolas"),
family = "Jouvin.",
role = "aut"))
as necessary.
Package CITATION file contains call(s) to old-style personList() or
as.personList(). Please use c() on person objects instead.
Package CITATION file contains call(s) to old-style citEntry(). Please
use bibentry() instead.
Flavors: r-devel-linux-x86_64-debian-clang, r-devel-linux-x86_64-debian-gcc