CRAN Package Check Results for Package FinancialInstrument

Last updated on 2025-05-10 12:49:42 CEST.

Flavor Version Tinstall Tcheck Ttotal Status Flags
r-devel-linux-x86_64-debian-clang 1.3.1 8.11 56.84 64.95 NOTE
r-devel-linux-x86_64-debian-gcc 1.3.1 6.11 40.11 46.22 NOTE
r-devel-linux-x86_64-fedora-clang 1.3.1 99.81 OK
r-devel-linux-x86_64-fedora-gcc 1.3.1 94.43 OK
r-devel-windows-x86_64 1.3.1 10.00 81.00 91.00 NOTE
r-patched-linux-x86_64 1.3.1 10.07 53.07 63.14 NOTE
r-release-linux-x86_64 1.3.1 7.29 54.16 61.45 NOTE
r-release-macos-arm64 1.3.1 31.00 OK
r-release-macos-x86_64 1.3.1 62.00 OK
r-release-windows-x86_64 1.3.1 10.00 82.00 92.00 NOTE
r-oldrel-macos-arm64 1.3.1 29.00 OK
r-oldrel-macos-x86_64 1.3.1 58.00 OK
r-oldrel-windows-x86_64 1.3.1 13.00 93.00 106.00 OK

Check Details

Version: 1.3.1
Check: CRAN incoming feasibility
Result: NOTE Maintainer: ‘Ross Bennett <rossbennett34@gmail.com>’ Found the following (possibly) invalid file URIs: URI: finance.yahoo.com From: man/update_instruments.yahoo.Rd URI: www.gummy-stuff.org/Yahoo-data.htm From: man/update_instruments.yahoo.Rd Flavors: r-devel-linux-x86_64-debian-clang, r-devel-linux-x86_64-debian-gcc

Version: 1.3.1
Check: Rd cross-references
Result: NOTE Found the following Rd file(s) with Rd \link{} targets missing package anchors: instrument.auto.Rd: setSymbolLookup Please provide package anchors for all Rd \link{} targets not in the package itself and the base packages. Flavors: r-devel-linux-x86_64-debian-clang, r-devel-linux-x86_64-debian-gcc, r-devel-windows-x86_64, r-patched-linux-x86_64, r-release-linux-x86_64, r-release-windows-x86_64