Last updated on 2025-05-10 16:52:16 CEST.
Flavor | Version | Tinstall | Tcheck | Ttotal | Status | Flags |
---|---|---|---|---|---|---|
r-devel-linux-x86_64-debian-clang | 0.6.3 | 7.24 | 59.19 | 66.43 | NOTE | |
r-devel-linux-x86_64-debian-gcc | 0.6.3 | 4.25 | 42.45 | 46.70 | NOTE | |
r-devel-linux-x86_64-fedora-clang | 0.6.3 | 93.35 | OK | |||
r-devel-linux-x86_64-fedora-gcc | 0.6.3 | 94.93 | OK | |||
r-devel-windows-x86_64 | 0.6.3 | 9.00 | 82.00 | 91.00 | OK | |
r-patched-linux-x86_64 | 0.6.3 | 7.28 | 53.03 | 60.31 | OK | |
r-release-linux-x86_64 | 0.6.3 | 6.06 | 53.17 | 59.23 | OK | |
r-release-macos-arm64 | 0.6.3 | 43.00 | OK | |||
r-release-macos-x86_64 | 0.6.3 | 61.00 | OK | |||
r-release-windows-x86_64 | 0.6.3 | 9.00 | 81.00 | 90.00 | OK | |
r-oldrel-macos-arm64 | 0.6.3 | 27.00 | OK | |||
r-oldrel-macos-x86_64 | 0.6.3 | 60.00 | OK | |||
r-oldrel-windows-x86_64 | 0.6.3 | 12.00 | 97.00 | 109.00 | OK |
Version: 0.6.3
Check: CRAN incoming feasibility
Result: NOTE
Maintainer: ‘Felix Yanhui Fan <nolanfyh@gmail.com>’
No Authors@R field in DESCRIPTION.
Please add one, modifying
Authors@R: person(given = c("Felix", "Yanhui"),
family = "Fan",
role = c("aut", "cre"),
email = "nolanfyh@gmail.com")
as necessary.
Flavors: r-devel-linux-x86_64-debian-clang, r-devel-linux-x86_64-debian-gcc