Last updated on 2025-05-10 16:52:16 CEST.
Flavor | Version | Tinstall | Tcheck | Ttotal | Status | Flags |
---|---|---|---|---|---|---|
r-devel-linux-x86_64-debian-clang | 1.4.2 | 28.58 | 296.45 | 325.03 | OK | |
r-devel-linux-x86_64-debian-gcc | 1.4.2 | 15.48 | 188.46 | 203.94 | OK | |
r-devel-linux-x86_64-fedora-clang | 1.4.2 | 506.86 | OK | |||
r-devel-linux-x86_64-fedora-gcc | 1.4.2 | 537.57 | OK | |||
r-devel-windows-x86_64 | 1.4.2 | 26.00 | 259.00 | 285.00 | OK | |
r-patched-linux-x86_64 | 1.4.2 | 27.13 | 278.37 | 305.50 | OK | |
r-release-linux-x86_64 | 1.4.2 | 23.65 | 277.29 | 300.94 | OK | |
r-release-macos-arm64 | 1.4.2 | 129.00 | OK | |||
r-release-macos-x86_64 | 1.4.2 | 275.00 | OK | |||
r-release-windows-x86_64 | 1.4.2 | 29.00 | 255.00 | 284.00 | OK | |
r-oldrel-macos-arm64 | 1.4.2 | 134.00 | NOTE | |||
r-oldrel-macos-x86_64 | 1.4.2 | 407.00 | NOTE | |||
r-oldrel-windows-x86_64 | 1.4.2 | 37.00 | 350.00 | 387.00 | OK |
Version: 1.4.2
Check: installed package size
Result: NOTE
installed size is 5.8Mb
sub-directories of 1Mb or more:
R 2.0Mb
doc 1.8Mb
help 1.1Mb
Flavors: r-oldrel-macos-arm64, r-oldrel-macos-x86_64