Last updated on 2025-05-10 20:49:40 CEST.
Flavor | Version | Tinstall | Tcheck | Ttotal | Status | Flags |
---|---|---|---|---|---|---|
r-devel-linux-x86_64-debian-clang | 2.6.2 | 24.82 | 58.37 | 83.19 | OK | |
r-devel-linux-x86_64-debian-gcc | 2.6.2 | 17.41 | 45.10 | 62.51 | OK | |
r-devel-linux-x86_64-fedora-clang | 2.6.2 | 182.88 | OK | |||
r-devel-linux-x86_64-fedora-gcc | 2.6.2 | 131.03 | WARN | |||
r-devel-windows-x86_64 | 2.6.2 | 36.00 | 88.00 | 124.00 | OK | |
r-patched-linux-x86_64 | 2.6.2 | 24.12 | 55.09 | 79.21 | OK | |
r-release-linux-x86_64 | 2.6.2 | 22.86 | 54.83 | 77.69 | OK | |
r-release-macos-arm64 | 2.6.2 | 49.00 | OK | |||
r-release-macos-x86_64 | 2.6.2 | 64.00 | OK | |||
r-release-windows-x86_64 | 2.6.2 | 38.00 | 87.00 | 125.00 | OK | |
r-oldrel-macos-arm64 | 2.6.2 | 50.00 | OK | |||
r-oldrel-macos-x86_64 | 2.6.2 | 72.00 | OK | |||
r-oldrel-windows-x86_64 | 2.6.2 | 43.00 | 111.00 | 154.00 | OK |
Version: 2.6.2
Check: whether package can be installed
Result: WARN
Found the following significant warnings:
/usr/include/bits/stdio2.h:54:35: warning: 'int __builtin___snprintf_chk(char*, long unsigned int, int, long unsigned int, const char*, ...)' specified bound 256 exceeds destination size 100 [-Wstringop-overflow=]
See ‘/data/gannet/ripley/R/packages/tests-devel/Familias.Rcheck/00install.out’ for details.
* used C compiler: ‘gcc-15 (GCC) 15.1.0’
* used C++ compiler: ‘g++-15 (GCC) 15.1.0’
Flavor: r-devel-linux-x86_64-fedora-gcc