Last updated on 2025-05-10 16:52:15 CEST.
Flavor | Version | Tinstall | Tcheck | Ttotal | Status | Flags |
---|---|---|---|---|---|---|
r-devel-linux-x86_64-debian-clang | 1.1 | 5.32 | 52.15 | 57.47 | NOTE | |
r-devel-linux-x86_64-debian-gcc | 1.1 | 4.22 | 39.28 | 43.50 | NOTE | |
r-devel-linux-x86_64-fedora-clang | 1.1 | 88.55 | OK | |||
r-devel-linux-x86_64-fedora-gcc | 1.1 | 85.06 | OK | |||
r-devel-windows-x86_64 | 1.1 | 7.00 | 61.00 | 68.00 | OK | |
r-patched-linux-x86_64 | 1.1 | 5.56 | 49.46 | 55.02 | OK | |
r-release-linux-x86_64 | 1.1 | 5.66 | 49.59 | 55.25 | OK | |
r-release-macos-arm64 | 1.1 | 34.00 | OK | |||
r-release-macos-x86_64 | 1.1 | 77.00 | OK | |||
r-release-windows-x86_64 | 1.1 | 7.00 | 66.00 | 73.00 | OK | |
r-oldrel-macos-arm64 | 1.1 | 29.00 | OK | |||
r-oldrel-macos-x86_64 | 1.1 | 44.00 | OK | |||
r-oldrel-windows-x86_64 | 1.1 | 9.00 | 72.00 | 81.00 | OK |
Version: 1.1
Check: CRAN incoming feasibility
Result: NOTE
Maintainer: ‘Koulik Khamaru <koulik123@gmail.com>’
No Authors@R field in DESCRIPTION.
Please add one, modifying
Authors@R: c(person(given = "Koulik",
family = "Khamaru",
role = c("aut", "cre"),
email = "koulik123@gmail.com"),
person(given = "Rahul",
family = "Mazumder",
role = "aut",
email = "rahul.mazumder@gmail.com"))
as necessary.
Flavors: r-devel-linux-x86_64-debian-clang, r-devel-linux-x86_64-debian-gcc