CRAN Package Check Results for Package EviewsR

Last updated on 2025-05-10 16:52:15 CEST.

Flavor Version Tinstall Tcheck Ttotal Status Flags
r-devel-linux-x86_64-debian-clang 0.1.6 4.27 38.98 43.25 NOTE
r-devel-linux-x86_64-debian-gcc 0.1.6 3.21 29.51 32.72 NOTE
r-devel-linux-x86_64-fedora-clang 0.1.6 66.50 OK
r-devel-linux-x86_64-fedora-gcc 0.1.6 76.06 OK
r-devel-windows-x86_64 0.1.6 6.00 61.00 67.00 OK
r-patched-linux-x86_64 0.1.6 5.18 36.39 41.57 NOTE
r-release-linux-x86_64 0.1.6 4.27 36.54 40.81 NOTE
r-release-macos-arm64 0.1.6 41.00 OK
r-release-macos-x86_64 0.1.6 66.00 OK
r-release-windows-x86_64 0.1.6 6.00 60.00 66.00 OK
r-oldrel-macos-arm64 0.1.6 29.00 OK
r-oldrel-macos-x86_64 0.1.6 42.00 OK
r-oldrel-windows-x86_64 0.1.6 7.00 71.00 78.00 OK

Check Details

Version: 0.1.6
Check: for unstated dependencies in ‘demo’
Result: NOTE 'library' or 'require' call not declared from: ‘ggplot2’ Flavors: r-devel-linux-x86_64-debian-clang, r-devel-linux-x86_64-debian-gcc, r-patched-linux-x86_64, r-release-linux-x86_64