Last updated on 2025-07-22 16:49:33 CEST.
Flavor | Version | Tinstall | Tcheck | Ttotal | Status | Flags |
---|---|---|---|---|---|---|
r-devel-linux-x86_64-debian-clang | 3.0.2 | 11.49 | 48.02 | 59.51 | OK | |
r-devel-linux-x86_64-debian-gcc | 3.0.2 | 10.71 | 44.37 | 55.08 | OK | |
r-devel-linux-x86_64-fedora-clang | 3.0.2 | 105.57 | OK | |||
r-devel-linux-x86_64-fedora-gcc | 3.0.2 | 109.58 | OK | |||
r-devel-windows-x86_64 | 3.0.2 | 18.00 | 73.00 | 91.00 | OK | |
r-patched-linux-x86_64 | 3.0.2 | 13.45 | 40.71 | 54.16 | OK | |
r-release-linux-x86_64 | 3.0.2 | 11.60 | 40.42 | 52.02 | OK | |
r-release-macos-arm64 | 3.0.2 | 69.00 | OK | |||
r-release-macos-x86_64 | 3.0.2 | 91.00 | OK | |||
r-release-windows-x86_64 | 3.0.2 | 16.00 | 75.00 | 91.00 | OK | |
r-oldrel-macos-arm64 | 3.0.2 | 46.00 | OK | |||
r-oldrel-macos-x86_64 | 3.0.2 | 130.00 | OK | |||
r-oldrel-windows-x86_64 | 3.0.2 | 20.00 | 88.00 | 108.00 | NOTE |
Version: 3.0.2
Check: installed package size
Result: NOTE
installed size is 5.1Mb
sub-directories of 1Mb or more:
extdata 4.0Mb
Flavor: r-oldrel-windows-x86_64