Last updated on 2025-05-10 12:49:41 CEST.
Flavor | Version | Tinstall | Tcheck | Ttotal | Status | Flags |
---|---|---|---|---|---|---|
r-devel-linux-x86_64-debian-clang | 0.3.1 | 14.27 | 98.98 | 113.25 | NOTE | |
r-devel-linux-x86_64-debian-gcc | 0.3.1 | 10.44 | 72.17 | 82.61 | NOTE | |
r-devel-linux-x86_64-fedora-clang | 0.3.1 | 163.82 | OK | |||
r-devel-linux-x86_64-fedora-gcc | 0.3.1 | 163.89 | OK | |||
r-devel-windows-x86_64 | 0.3.1 | 14.00 | 97.00 | 111.00 | OK | |
r-patched-linux-x86_64 | 0.3.1 | 12.37 | 91.44 | 103.81 | OK | |
r-release-linux-x86_64 | 0.3.1 | 13.72 | 91.24 | 104.96 | OK | |
r-release-macos-arm64 | 0.3.1 | 52.00 | OK | |||
r-release-macos-x86_64 | 0.3.1 | 91.00 | OK | |||
r-release-windows-x86_64 | 0.3.1 | 14.00 | 97.00 | 111.00 | OK | |
r-oldrel-macos-arm64 | 0.3.1 | 49.00 | NOTE | |||
r-oldrel-macos-x86_64 | 0.3.1 | 69.00 | NOTE | |||
r-oldrel-windows-x86_64 | 0.3.1 | 20.00 | 133.00 | 153.00 | NOTE |
Version: 0.3.1
Check: CRAN incoming feasibility
Result: NOTE
Maintainer: ‘Giulio Costantini <giulio.costantini@unimib.it>’
No Authors@R field in DESCRIPTION.
Please add one, modifying
Authors@R: c(person(given = "Giulio",
family = "Costantini",
role = c("aut", "cre"),
email = "giulio.costantini@unimib.it"),
person(given = "Nils",
family = "Kappelmann",
role = "aut"),
person(given = "Sacha",
family = "Epskamp",
role = "aut"))
as necessary.
Package CITATION file contains call(s) to old-style personList() or
as.personList(). Please use c() on person objects instead.
Package CITATION file contains call(s) to old-style citEntry(). Please
use bibentry() instead.
Flavors: r-devel-linux-x86_64-debian-clang, r-devel-linux-x86_64-debian-gcc
Version: 0.3.1
Check: LazyData
Result: NOTE
'LazyData' is specified without a 'data' directory
Flavors: r-oldrel-macos-arm64, r-oldrel-macos-x86_64, r-oldrel-windows-x86_64