Last updated on 2025-05-10 16:52:15 CEST.
Flavor | Version | Tinstall | Tcheck | Ttotal | Status | Flags |
---|---|---|---|---|---|---|
r-devel-linux-x86_64-debian-clang | 0.1.3 | 10.54 | 373.12 | 383.66 | NOTE | |
r-devel-linux-x86_64-debian-gcc | 0.1.3 | 7.29 | 226.36 | 233.65 | NOTE | |
r-devel-linux-x86_64-fedora-clang | 0.1.3 | 635.59 | NOTE | |||
r-devel-linux-x86_64-fedora-gcc | 0.1.3 | 615.67 | NOTE | |||
r-devel-windows-x86_64 | 0.1.3 | 12.00 | 383.00 | 395.00 | NOTE | |
r-patched-linux-x86_64 | 0.1.3 | 10.24 | 353.63 | 363.87 | NOTE | |
r-release-linux-x86_64 | 0.1.3 | 9.74 | 353.90 | 363.64 | NOTE | |
r-release-macos-arm64 | 0.1.3 | 159.00 | NOTE | |||
r-release-macos-x86_64 | 0.1.3 | 350.00 | NOTE | |||
r-release-windows-x86_64 | 0.1.3 | 11.00 | 386.00 | 397.00 | NOTE | |
r-oldrel-macos-arm64 | 0.1.3 | 142.00 | NOTE | |||
r-oldrel-macos-x86_64 | 0.1.3 | 246.00 | NOTE | |||
r-oldrel-windows-x86_64 | 0.1.3 | 15.00 | 529.00 | 544.00 | NOTE |
Version: 0.1.3
Check: Rd files
Result: NOTE
checkRd: (-1) metrics.Rd:124: Lost braces
124 | Avg = 0.5 (sum | P_i - Q_i| + max{ | P_i - Q_i |})
| ^
Flavors: r-devel-linux-x86_64-debian-clang, r-devel-linux-x86_64-debian-gcc, r-devel-linux-x86_64-fedora-clang, r-devel-linux-x86_64-fedora-gcc, r-devel-windows-x86_64, r-patched-linux-x86_64, r-release-linux-x86_64, r-release-macos-arm64, r-release-macos-x86_64, r-release-windows-x86_64, r-oldrel-macos-arm64, r-oldrel-macos-x86_64, r-oldrel-windows-x86_64