CRAN Package Check Results for Package EntropicStatistics

Last updated on 2025-07-22 16:49:33 CEST.

Flavor Version Tinstall Tcheck Ttotal Status Flags
r-devel-linux-x86_64-debian-clang 0.1.0 6.81 54.38 61.19 NOTE
r-devel-linux-x86_64-debian-gcc 0.1.0 4.20 38.05 42.25 NOTE
r-devel-linux-x86_64-fedora-clang 0.1.0 95.86 NOTE
r-devel-linux-x86_64-fedora-gcc 0.1.0 88.26 NOTE
r-devel-windows-x86_64 0.1.0 9.00 66.00 75.00 NOTE
r-patched-linux-x86_64 0.1.0 5.92 49.07 54.99 NOTE
r-release-linux-x86_64 0.1.0 6.00 48.30 54.30 NOTE
r-release-macos-arm64 0.1.0 25.00 NOTE
r-release-macos-x86_64 0.1.0 48.00 NOTE
r-release-windows-x86_64 0.1.0 9.00 68.00 77.00 NOTE
r-oldrel-macos-arm64 0.1.0 26.00 OK
r-oldrel-macos-x86_64 0.1.0 43.00 OK
r-oldrel-windows-x86_64 0.1.0 11.00 85.00 96.00 OK

Check Details

Version: 0.1.0
Check: DESCRIPTION meta-information
Result: NOTE Missing dependency on R >= 4.1.0 because package code uses the pipe |> or function shorthand \(...) syntax added in R 4.1.0. File(s) using such syntax: ‘HeatMap.R’ Flavors: r-devel-linux-x86_64-debian-clang, r-devel-linux-x86_64-debian-gcc, r-devel-linux-x86_64-fedora-clang, r-devel-linux-x86_64-fedora-gcc, r-devel-windows-x86_64, r-patched-linux-x86_64, r-release-linux-x86_64, r-release-macos-arm64, r-release-macos-x86_64, r-release-windows-x86_64