CRAN Package Check Results for Package EcoVirtual

Last updated on 2025-05-10 16:52:15 CEST.

Flavor Version Tinstall Tcheck Ttotal Status Flags
r-devel-linux-x86_64-debian-clang 1.1 5.58 31.25 36.83 NOTE
r-devel-linux-x86_64-debian-gcc 1.1 3.81 24.46 28.27 NOTE
r-devel-linux-x86_64-fedora-clang 1.1 56.25 OK
r-devel-linux-x86_64-fedora-gcc 1.1 56.00 OK
r-devel-windows-x86_64 1.1 5.00 49.00 54.00 OK
r-patched-linux-x86_64 1.1 5.51 30.36 35.87 OK
r-release-linux-x86_64 1.1 5.04 29.78 34.82 OK
r-release-macos-arm64 1.1 33.00 OK
r-release-macos-x86_64 1.1 39.00 OK
r-release-windows-x86_64 1.1 4.00 49.00 53.00 OK
r-oldrel-macos-arm64 1.1 26.00 OK
r-oldrel-macos-x86_64 1.1 32.00 OK
r-oldrel-windows-x86_64 1.1 6.00 46.00 52.00 OK

Check Details

Version: 1.1
Check: CRAN incoming feasibility
Result: NOTE Maintainer: ‘Alexandre Adalardo de Oliveira <ecovirtualpackage@gmail.com>’ No Authors@R field in DESCRIPTION. Please add one, modifying Authors@R: c(person(given = c("Alexandre", "Adalardo"), family = "de Oliveira", role = c("aut", "cre"), email = "ecovirtualpackage@gmail.com"), person(given = c("Paulo", "Inacio"), family = "Prado", role = "aut", email = "ecovirtualpackage@gmail.com")) as necessary. The URL field contains the following bad parts: http//ecovirtual.ib.usp.br The URL field should be a list of URLs separated by commas or whitespace. Flavors: r-devel-linux-x86_64-debian-clang, r-devel-linux-x86_64-debian-gcc