Last updated on 2025-07-15 16:48:24 CEST.
Flavor | Version | Tinstall | Tcheck | Ttotal | Status | Flags |
---|---|---|---|---|---|---|
r-devel-linux-x86_64-debian-clang | 2.0 | 12.72 | 93.85 | 106.57 | NOTE | |
r-devel-linux-x86_64-debian-gcc | 2.0 | 8.28 | 67.74 | 76.02 | NOTE | |
r-devel-linux-x86_64-fedora-clang | 2.0 | 176.81 | OK | |||
r-devel-linux-x86_64-fedora-gcc | 2.0 | 160.06 | OK | |||
r-devel-windows-x86_64 | 2.0 | 12.00 | 96.00 | 108.00 | OK | |
r-patched-linux-x86_64 | 2.0 | 12.30 | 91.60 | 103.90 | OK | |
r-release-linux-x86_64 | 2.0 | 11.03 | 92.55 | 103.58 | OK | |
r-release-macos-arm64 | 2.0 | 60.00 | OK | |||
r-release-macos-x86_64 | 2.0 | 92.00 | OK | |||
r-release-windows-x86_64 | 2.0 | 13.00 | 93.00 | 106.00 | OK | |
r-oldrel-macos-arm64 | 2.0 | 53.00 | OK | |||
r-oldrel-macos-x86_64 | 2.0 | 71.00 | OK | |||
r-oldrel-windows-x86_64 | 2.0 | 18.00 | 116.00 | 134.00 | OK |
Version: 2.0
Check: CRAN incoming feasibility
Result: NOTE
Maintainer: ‘Castor Guisande Gonzalez <castor@uvigo.es>’
No Authors@R field in DESCRIPTION.
Please add one, modifying
Authors@R: person(given = c("Castor", "Guisande"),
family = "Gonzalez",
role = c("aut", "cre"),
email = "castor@uvigo.es")
as necessary.
Flavors: r-devel-linux-x86_64-debian-clang, r-devel-linux-x86_64-debian-gcc