Last updated on 2025-05-10 16:52:15 CEST.
Flavor | Version | Tinstall | Tcheck | Ttotal | Status | Flags |
---|---|---|---|---|---|---|
r-devel-linux-x86_64-debian-clang | 2.2.2 | 48.32 | 33.86 | 82.18 | NOTE | |
r-devel-linux-x86_64-debian-gcc | 2.2.2 | 32.56 | 24.81 | 57.37 | NOTE | |
r-devel-linux-x86_64-fedora-clang | 2.2.2 | 164.48 | OK | |||
r-devel-linux-x86_64-fedora-gcc | 2.2.2 | 154.52 | OK | |||
r-devel-windows-x86_64 | 2.2.2 | 52.00 | 67.00 | 119.00 | OK | |
r-patched-linux-x86_64 | 2.2.2 | 46.95 | 31.42 | 78.37 | OK | |
r-release-linux-x86_64 | 2.2.2 | 46.20 | 31.30 | 77.50 | OK | |
r-release-macos-arm64 | 2.2.2 | 36.00 | OK | |||
r-release-macos-x86_64 | 2.2.2 | 58.00 | OK | |||
r-release-windows-x86_64 | 2.2.2 | 50.00 | 72.00 | 122.00 | OK | |
r-oldrel-macos-arm64 | 2.2.2 | 36.00 | NOTE | |||
r-oldrel-macos-x86_64 | 2.2.2 | 58.00 | NOTE | |||
r-oldrel-windows-x86_64 | 2.2.2 | 48.00 | 82.00 | 130.00 | NOTE |
Version: 2.2.2
Check: CRAN incoming feasibility
Result: NOTE
Maintainer: ‘Meryam Krit <meryam.krit@gmail.com>’
No Authors@R field in DESCRIPTION.
Please add one, modifying
Authors@R: person(given = "Meryam",
family = "Krit",
role = c("aut", "cre"),
email = "meryam.krit@gmail.com")
as necessary.
Flavors: r-devel-linux-x86_64-debian-clang, r-devel-linux-x86_64-debian-gcc
Version: 2.2.2
Check: LazyData
Result: NOTE
'LazyData' is specified without a 'data' directory
Flavors: r-oldrel-macos-arm64, r-oldrel-macos-x86_64, r-oldrel-windows-x86_64