Last updated on 2024-05-19 12:53:44 CEST.
Flavor | Version | Tinstall | Tcheck | Ttotal | Status | Flags |
---|---|---|---|---|---|---|
r-devel-linux-x86_64-debian-clang | 2.0.4 | 37.19 | 647.87 | 685.06 | OK | |
r-devel-linux-x86_64-debian-gcc | 2.0.4 | 34.39 | 450.07 | 484.46 | OK | |
r-devel-linux-x86_64-fedora-clang | 2.0.4 | 816.57 | NOTE | |||
r-devel-linux-x86_64-fedora-gcc | 2.0.4 | 792.93 | NOTE | |||
r-devel-windows-x86_64 | 2.0.4 | 31.00 | 436.00 | 467.00 | OK | |
r-patched-linux-x86_64 | 2.0.4 | 27.46 | 595.16 | 622.62 | OK | |
r-release-linux-x86_64 | 2.0.4 | 25.92 | 596.60 | 622.52 | OK | |
r-release-macos-arm64 | 2.0.4 | 164.00 | OK | |||
r-release-windows-x86_64 | 2.0.4 | 31.00 | 429.00 | 460.00 | OK | |
r-oldrel-macos-arm64 | 2.0.4 | 195.00 | OK | |||
r-oldrel-macos-x86_64 | 2.0.4 | 367.00 | OK | |||
r-oldrel-windows-x86_64 | 2.0.4 | 44.00 | 546.00 | 590.00 | OK |
Version: 2.0.4
Check: data for non-ASCII characters
Result: NOTE
Note: found 2 marked UTF-8 strings
Flavors: r-devel-linux-x86_64-fedora-clang, r-devel-linux-x86_64-fedora-gcc