Last updated on 2025-07-24 04:50:10 CEST.
Flavor | Version | Tinstall | Tcheck | Ttotal | Status | Flags |
---|---|---|---|---|---|---|
r-devel-linux-x86_64-debian-clang | 1.5.9 | 7.92 | 61.15 | 69.07 | NOTE | |
r-devel-linux-x86_64-debian-gcc | 1.5.9 | 5.64 | 44.83 | 50.47 | NOTE | |
r-devel-linux-x86_64-fedora-clang | 1.5.9 | 110.53 | OK | |||
r-devel-linux-x86_64-fedora-gcc | 1.5.9 | 102.12 | OK | |||
r-devel-windows-x86_64 | 1.5.9 | 12.00 | 83.00 | 95.00 | OK | |
r-patched-linux-x86_64 | 1.5.9 | 8.53 | 58.06 | 66.59 | OK | |
r-release-linux-x86_64 | 1.5.9 | 8.09 | 57.28 | 65.37 | OK | |
r-release-macos-arm64 | 1.5.9 | 39.00 | OK | |||
r-release-macos-x86_64 | 1.5.9 | 76.00 | OK | |||
r-release-windows-x86_64 | 1.5.9 | 11.00 | 84.00 | 95.00 | OK | |
r-oldrel-macos-arm64 | 1.5.9 | 33.00 | OK | |||
r-oldrel-macos-x86_64 | 1.5.9 | 50.00 | OK | |||
r-oldrel-windows-x86_64 | 1.5.9 | 16.00 | 96.00 | 112.00 | OK |
Version: 1.5.9
Check: CRAN incoming feasibility
Result: NOTE
Maintainer: ‘Donghoh Kim <donghoh.kim@gmail.com>’
Package CITATION file contains call(s) to old-style personList() or
as.personList(). Please use c() on person objects instead.
Package CITATION file contains call(s) to old-style citEntry(). Please
use bibentry() instead.
Flavors: r-devel-linux-x86_64-debian-clang, r-devel-linux-x86_64-debian-gcc