Last updated on 2024-05-19 12:53:44 CEST.
Flavor | Version | Tinstall | Tcheck | Ttotal | Status | Flags |
---|---|---|---|---|---|---|
r-devel-linux-x86_64-debian-clang | 0.2.3 | 40.60 | 253.20 | 293.80 | NOTE | |
r-devel-linux-x86_64-debian-gcc | 0.2.3 | 29.87 | 180.77 | 210.64 | NOTE | |
r-devel-linux-x86_64-fedora-clang | 0.2.3 | 359.22 | NOTE | |||
r-devel-linux-x86_64-fedora-gcc | 0.2.3 | 353.70 | NOTE | |||
r-devel-windows-x86_64 | 0.2.3 | 33.00 | 194.00 | 227.00 | NOTE | |
r-patched-linux-x86_64 | 0.2.3 | 36.72 | 236.13 | 272.85 | NOTE | |
r-release-linux-x86_64 | 0.2.3 | 42.42 | 236.07 | 278.49 | NOTE | |
r-release-macos-arm64 | 0.2.3 | 85.00 | NOTE | |||
r-release-windows-x86_64 | 0.2.3 | 35.00 | 199.00 | 234.00 | NOTE | |
r-oldrel-macos-arm64 | 0.2.3 | 96.00 | NOTE | |||
r-oldrel-macos-x86_64 | 0.2.3 | 165.00 | NOTE | |||
r-oldrel-windows-x86_64 | 0.2.3 | 44.00 | 253.00 | 297.00 | NOTE |
Version: 0.2.3
Check: Rd files
Result: NOTE
checkRd: (-1) MHLS.Rd:48-51: Lost braces in \itemize; meant \describe ?
checkRd: (-1) MHLS.Rd:52: Lost braces in \itemize; meant \describe ?
checkRd: (-1) MHLS.Rd:53-54: Lost braces in \itemize; meant \describe ?
checkRd: (-1) MHLS.Rd:55-56: Lost braces in \itemize; meant \describe ?
checkRd: (-1) MHLS.Rd:75: Lost braces; missing escapes or markup?
75 | From the initial values, \code{B0} and {S0}, \code{\link{MHLS}} draws \code{beta} and \code{subgrad} samples.
| ^
Flavors: r-devel-linux-x86_64-debian-clang, r-devel-linux-x86_64-debian-gcc, r-devel-linux-x86_64-fedora-clang, r-devel-linux-x86_64-fedora-gcc, r-devel-windows-x86_64, r-patched-linux-x86_64, r-release-linux-x86_64, r-release-macos-arm64, r-release-windows-x86_64
Version: 0.2.3
Check: LazyData
Result: NOTE
'LazyData' is specified without a 'data' directory
Flavors: r-devel-linux-x86_64-debian-clang, r-devel-linux-x86_64-debian-gcc, r-devel-linux-x86_64-fedora-clang, r-devel-linux-x86_64-fedora-gcc, r-devel-windows-x86_64, r-patched-linux-x86_64, r-release-linux-x86_64, r-release-macos-arm64, r-release-windows-x86_64, r-oldrel-macos-arm64, r-oldrel-macos-x86_64, r-oldrel-windows-x86_64