Last updated on 2025-05-10 16:52:15 CEST.
Flavor | Version | Tinstall | Tcheck | Ttotal | Status | Flags |
---|---|---|---|---|---|---|
r-devel-linux-x86_64-debian-clang | 1.1.0 | 4.88 | 47.30 | 52.18 | NOTE | |
r-devel-linux-x86_64-debian-gcc | 1.1.0 | 3.74 | 33.21 | 36.95 | NOTE | |
r-devel-linux-x86_64-fedora-clang | 1.1.0 | 86.48 | NOTE | |||
r-devel-linux-x86_64-fedora-gcc | 1.1.0 | 76.22 | NOTE | |||
r-devel-windows-x86_64 | 1.1.0 | 7.00 | 61.00 | 68.00 | NOTE | |
r-patched-linux-x86_64 | 1.1.0 | 5.41 | 43.89 | 49.30 | NOTE | |
r-release-linux-x86_64 | 1.1.0 | 4.81 | 42.43 | 47.24 | NOTE | |
r-release-macos-arm64 | 1.1.0 | 32.00 | NOTE | |||
r-release-macos-x86_64 | 1.1.0 | 44.00 | NOTE | |||
r-release-windows-x86_64 | 1.1.0 | 8.00 | 63.00 | 71.00 | NOTE | |
r-oldrel-macos-arm64 | 1.1.0 | 25.00 | NOTE | |||
r-oldrel-macos-x86_64 | 1.1.0 | 37.00 | NOTE | |||
r-oldrel-windows-x86_64 | 1.1.0 | 9.00 | 76.00 | 85.00 | NOTE |
Version: 1.1.0
Check: CRAN incoming feasibility
Result: NOTE
Maintainer: ‘Eli D. Strauss <straussed@gmail.com>’
No Authors@R field in DESCRIPTION.
Please add one, modifying
Authors@R: person(given = c("Eli", "D."),
family = "Strauss",
role = c("aut", "cre"),
email = "straussed@gmail.com")
as necessary.
Flavors: r-devel-linux-x86_64-debian-clang, r-devel-linux-x86_64-debian-gcc
Version: 1.1.0
Check: package subdirectories
Result: NOTE
Problems with news in ‘NEWS.md’:
No news entries found.
Flavors: r-devel-linux-x86_64-debian-clang, r-devel-linux-x86_64-debian-gcc, r-devel-linux-x86_64-fedora-clang, r-devel-linux-x86_64-fedora-gcc, r-devel-windows-x86_64, r-patched-linux-x86_64, r-release-linux-x86_64, r-release-macos-arm64, r-release-macos-x86_64, r-release-windows-x86_64, r-oldrel-macos-arm64, r-oldrel-macos-x86_64, r-oldrel-windows-x86_64
Version: 1.1.0
Check: Rd files
Result: NOTE
checkRd: (-1) dyadic_similarity.Rd:27: Lost braces; missing escapes or markup?
27 | For example, the order {a, b, c} implies that a > b, a > c, and b > c.
| ^
Flavors: r-devel-linux-x86_64-debian-clang, r-devel-linux-x86_64-debian-gcc, r-devel-linux-x86_64-fedora-clang, r-devel-linux-x86_64-fedora-gcc, r-devel-windows-x86_64, r-patched-linux-x86_64, r-release-linux-x86_64, r-release-macos-arm64, r-release-macos-x86_64, r-release-windows-x86_64, r-oldrel-macos-arm64, r-oldrel-macos-x86_64, r-oldrel-windows-x86_64