Last updated on 2025-05-10 12:49:40 CEST.
Flavor | Version | Tinstall | Tcheck | Ttotal | Status | Flags |
---|---|---|---|---|---|---|
r-devel-linux-x86_64-debian-clang | 2.0.0 | 10.27 | 174.96 | 185.23 | NOTE | |
r-devel-linux-x86_64-debian-gcc | 2.0.0 | 7.56 | 119.36 | 126.92 | NOTE | |
r-devel-linux-x86_64-fedora-clang | 2.0.0 | 314.51 | NOTE | |||
r-devel-linux-x86_64-fedora-gcc | 2.0.0 | 283.71 | NOTE | |||
r-devel-windows-x86_64 | 2.0.0 | 14.00 | 173.00 | 187.00 | NOTE | |
r-patched-linux-x86_64 | 2.0.0 | 12.95 | 171.85 | 184.80 | NOTE | |
r-release-linux-x86_64 | 2.0.0 | 11.59 | 170.68 | 182.27 | NOTE | |
r-release-macos-arm64 | 2.0.0 | 86.00 | NOTE | |||
r-release-macos-x86_64 | 2.0.0 | 158.00 | NOTE | |||
r-release-windows-x86_64 | 2.0.0 | 13.00 | 178.00 | 191.00 | NOTE | |
r-oldrel-macos-arm64 | 2.0.0 | 75.00 | OK | |||
r-oldrel-macos-x86_64 | 2.0.0 | 143.00 | OK | |||
r-oldrel-windows-x86_64 | 2.0.0 | 17.00 | 235.00 | 252.00 | OK |
Version: 2.0.0
Check: DESCRIPTION meta-information
Result: NOTE
Missing dependency on R >= 4.1.0 because package code uses the pipe
|> or function shorthand \(...) syntax added in R 4.1.0.
File(s) using such syntax:
‘dht2.R’
Flavors: r-devel-linux-x86_64-debian-clang, r-devel-linux-x86_64-debian-gcc, r-devel-linux-x86_64-fedora-clang, r-devel-linux-x86_64-fedora-gcc, r-devel-windows-x86_64, r-patched-linux-x86_64, r-release-linux-x86_64, r-release-macos-arm64, r-release-macos-x86_64, r-release-windows-x86_64