CRAN Package Check Results for Package DirichletReg

Last updated on 2025-05-10 16:52:14 CEST.

Flavor Version Tinstall Tcheck Ttotal Status Flags
r-devel-linux-x86_64-debian-clang 0.7-1 6.46 54.65 61.11 NOTE
r-devel-linux-x86_64-debian-gcc 0.7-1 4.72 42.55 47.27 NOTE
r-devel-linux-x86_64-fedora-clang 0.7-1 99.44 OK
r-devel-linux-x86_64-fedora-gcc 0.7-1 105.44 OK
r-devel-windows-x86_64 0.7-1 11.00 76.00 87.00 NOTE
r-patched-linux-x86_64 0.7-1 6.82 51.63 58.45 NOTE
r-release-linux-x86_64 0.7-1 6.31 51.63 57.94 NOTE
r-release-macos-arm64 0.7-1 42.00 OK
r-release-macos-x86_64 0.7-1 70.00 OK
r-release-windows-x86_64 0.7-1 10.00 80.00 90.00 NOTE
r-oldrel-macos-arm64 0.7-1 36.00 OK
r-oldrel-macos-x86_64 0.7-1 53.00 OK
r-oldrel-windows-x86_64 0.7-1 13.00 86.00 99.00 OK

Check Details

Version: 0.7-1
Check: CRAN incoming feasibility
Result: NOTE Maintainer: ‘Marco Johannes Maier <marco_maier@posteo.de>’ Package CITATION file contains call(s) to old-style citEntry(). Please use bibentry() instead. Flavors: r-devel-linux-x86_64-debian-clang, r-devel-linux-x86_64-debian-gcc

Version: 0.7-1
Check: Rd cross-references
Result: NOTE Found the following Rd file(s) with Rd \link{} targets missing package anchors: DirichletRegModel.Rd: update.Formula Please provide package anchors for all Rd \link{} targets not in the package itself and the base packages. Flavors: r-devel-linux-x86_64-debian-clang, r-devel-linux-x86_64-debian-gcc, r-devel-windows-x86_64, r-patched-linux-x86_64, r-release-linux-x86_64, r-release-windows-x86_64