Last updated on 2025-07-28 08:50:34 CEST.
Flavor | Version | Tinstall | Tcheck | Ttotal | Status | Flags |
---|---|---|---|---|---|---|
r-devel-linux-x86_64-debian-clang | 1.6.0 | 8.62 | 61.21 | 69.83 | NOTE | |
r-devel-linux-x86_64-debian-gcc | 1.6.0 | 6.13 | 45.77 | 51.90 | NOTE | |
r-devel-linux-x86_64-fedora-clang | 1.6.0 | 107.04 | OK | |||
r-devel-linux-x86_64-fedora-gcc | 1.6.0 | 106.45 | OK | |||
r-devel-windows-x86_64 | 1.6.0 | 13.00 | 99.00 | 112.00 | OK | |
r-patched-linux-x86_64 | 1.6.0 | 10.22 | 60.63 | 70.85 | OK | |
r-release-linux-x86_64 | 1.6.0 | 8.17 | 59.69 | 67.86 | OK | |
r-release-macos-arm64 | 1.6.0 | 40.00 | OK | |||
r-release-macos-x86_64 | 1.6.0 | 72.00 | OK | |||
r-release-windows-x86_64 | 1.6.0 | 12.00 | 97.00 | 109.00 | OK | |
r-oldrel-macos-arm64 | 1.6.0 | 48.00 | OK | |||
r-oldrel-macos-x86_64 | 1.6.0 | 54.00 | OK | |||
r-oldrel-windows-x86_64 | 1.6.0 | 14.00 | 102.00 | 116.00 | OK |
Version: 1.6.0
Check: CRAN incoming feasibility
Result: NOTE
Maintainer: ‘Olivier Roustant <roustant@insa-toulouse.fr>’
No Authors@R field in DESCRIPTION.
Please add one, modifying
Authors@R: c(person(given = "Olivier",
family = "Roustant",
role = c("aut", "cre"),
email = "roustant@insa-toulouse.fr"),
person(given = "David",
family = "Ginsbourger",
role = "aut"),
person(given = c("Yves", "Deville.", "Contributors:", "Clement"),
family = "Chevalier",
role = "aut"),
person(given = "Yann",
family = "Richet.",
role = "aut"))
as necessary.
Package CITATION file contains call(s) to old-style personList() or
as.personList(). Please use c() on person objects instead.
Package CITATION file contains call(s) to old-style citEntry(). Please
use bibentry() instead.
Flavors: r-devel-linux-x86_64-debian-clang, r-devel-linux-x86_64-debian-gcc