Last updated on 2025-05-10 20:49:38 CEST.
Flavor | Version | Tinstall | Tcheck | Ttotal | Status | Flags |
---|---|---|---|---|---|---|
r-devel-linux-x86_64-debian-clang | 1.2.1 | 3.13 | 236.65 | 239.78 | OK | |
r-devel-linux-x86_64-debian-gcc | 1.2.1 | 2.52 | 142.41 | 144.93 | OK | |
r-devel-linux-x86_64-fedora-clang | 1.2.1 | 366.16 | OK | |||
r-devel-linux-x86_64-fedora-gcc | 1.2.1 | 358.94 | OK | |||
r-devel-windows-x86_64 | 1.2.1 | 5.00 | 235.00 | 240.00 | OK | |
r-patched-linux-x86_64 | 1.2.1 | 3.94 | 219.79 | 223.73 | OK | |
r-release-linux-x86_64 | 1.2.1 | 2.93 | 220.07 | 223.00 | OK | |
r-release-macos-arm64 | 1.2.1 | 86.00 | OK | |||
r-release-macos-x86_64 | 1.2.1 | 211.00 | OK | |||
r-release-windows-x86_64 | 1.2.1 | 5.00 | 234.00 | 239.00 | OK | |
r-oldrel-macos-arm64 | 1.2.1 | 86.00 | NOTE | |||
r-oldrel-macos-x86_64 | 1.2.1 | 154.00 | NOTE | |||
r-oldrel-windows-x86_64 | 1.2.1 | 6.00 | 289.00 | 295.00 | NOTE |
Version: 1.2.1
Check: installed package size
Result: NOTE
installed size is 7.1Mb
sub-directories of 1Mb or more:
doc 4.8Mb
extdata 2.1Mb
Flavors: r-oldrel-macos-arm64, r-oldrel-macos-x86_64, r-oldrel-windows-x86_64