Last updated on 2025-05-10 08:50:35 CEST.
Flavor | Version | Tinstall | Tcheck | Ttotal | Status | Flags |
---|---|---|---|---|---|---|
r-devel-linux-x86_64-debian-clang | 1.1.0 | 2.75 | 28.54 | 31.29 | NOTE | |
r-devel-linux-x86_64-debian-gcc | 1.1.0 | 2.12 | 22.02 | 24.14 | NOTE | |
r-devel-linux-x86_64-fedora-clang | 1.1.0 | 48.09 | OK | |||
r-devel-linux-x86_64-fedora-gcc | 1.1.0 | 45.81 | OK | |||
r-devel-windows-x86_64 | 1.1.0 | 4.00 | 46.00 | 50.00 | OK | |
r-patched-linux-x86_64 | 1.1.0 | 2.89 | 27.24 | 30.13 | OK | |
r-release-linux-x86_64 | 1.1.0 | 2.91 | 27.58 | 30.49 | OK | |
r-release-macos-arm64 | 1.1.0 | 20.00 | OK | |||
r-release-macos-x86_64 | 1.1.0 | 51.00 | OK | |||
r-release-windows-x86_64 | 1.1.0 | 4.00 | 46.00 | 50.00 | OK | |
r-oldrel-macos-arm64 | 1.1.0 | 20.00 | NOTE | |||
r-oldrel-macos-x86_64 | 1.1.0 | 44.00 | NOTE | |||
r-oldrel-windows-x86_64 | 1.1.0 | 5.00 | 45.00 | 50.00 | NOTE |
Version: 1.1.0
Check: CRAN incoming feasibility
Result: NOTE
Maintainer: ‘Martijn Schuemie <schuemie@ohdsi.org>’
Found the following (possibly) invalid file URI:
URI: ../../issues
From: README.md
Flavors: r-devel-linux-x86_64-debian-clang, r-devel-linux-x86_64-debian-gcc
Version: 1.1.0
Check: installed package size
Result: NOTE
installed size is 7.6Mb
sub-directories of 1Mb or more:
java 7.5Mb
Flavors: r-oldrel-macos-arm64, r-oldrel-macos-x86_64, r-oldrel-windows-x86_64