Last updated on 2025-05-10 16:52:14 CEST.
Flavor | Version | Tinstall | Tcheck | Ttotal | Status | Flags |
---|---|---|---|---|---|---|
r-devel-linux-x86_64-debian-clang | 0.3-7 | 15.00 | 151.65 | 166.65 | NOTE | |
r-devel-linux-x86_64-debian-gcc | 0.3-7 | 9.89 | 107.09 | 116.98 | NOTE | |
r-devel-linux-x86_64-fedora-clang | 0.3-7 | 256.19 | OK | |||
r-devel-linux-x86_64-fedora-gcc | 0.3-7 | 278.62 | OK | |||
r-devel-windows-x86_64 | 0.3-7 | 14.00 | 185.00 | 199.00 | NOTE | |
r-patched-linux-x86_64 | 0.3-7 | 13.02 | 142.19 | 155.21 | NOTE | |
r-release-linux-x86_64 | 0.3-7 | 14.27 | 142.81 | 157.08 | NOTE | |
r-release-macos-arm64 | 0.3-7 | 88.00 | OK | |||
r-release-macos-x86_64 | 0.3-7 | 145.00 | OK | |||
r-release-windows-x86_64 | 0.3-7 | 15.00 | 190.00 | 205.00 | NOTE | |
r-oldrel-macos-arm64 | 0.3-7 | 80.00 | OK | |||
r-oldrel-macos-x86_64 | 0.3-7 | 119.00 | OK | |||
r-oldrel-windows-x86_64 | 0.3-7 | 22.00 | 225.00 | 247.00 | OK |
Version: 0.3-7
Check: Rd cross-references
Result: NOTE
Found the following Rd file(s) with Rd \link{} targets missing package
anchors:
Onoue.Friberg.Rd: pomp
Please provide package anchors for all Rd \link{} targets not in the
package itself and the base packages.
Flavors: r-devel-linux-x86_64-debian-clang, r-devel-linux-x86_64-debian-gcc, r-devel-windows-x86_64, r-patched-linux-x86_64, r-release-linux-x86_64, r-release-windows-x86_64