Last updated on 2025-11-06 19:50:05 CET.
| Flavor | Version | Tinstall | Tcheck | Ttotal | Status | Flags |
|---|---|---|---|---|---|---|
| r-devel-linux-x86_64-debian-clang | 0.3.0 | 59.82 | 449.18 | 509.00 | OK | |
| r-devel-linux-x86_64-debian-gcc | 0.3.0 | 43.05 | 336.76 | 379.81 | OK | |
| r-devel-linux-x86_64-fedora-clang | 0.3.0 | 489.00 | 365.37 | 854.37 | OK | |
| r-devel-linux-x86_64-fedora-gcc | 0.3.0 | 347.00 | 461.11 | 808.11 | OK | |
| r-devel-windows-x86_64 | 0.3.0 | 56.00 | 354.00 | 410.00 | OK | |
| r-patched-linux-x86_64 | 0.3.0 | 0.20 | 1.94 | 2.14 | ERROR | |
| r-release-linux-x86_64 | 0.3.0 | 0.27 | 1.77 | 2.04 | ERROR | |
| r-release-macos-arm64 | 0.3.0 | 5.00 | ERROR | |||
| r-release-macos-x86_64 | 0.3.0 | 7.00 | ERROR | |||
| r-release-windows-x86_64 | 0.3.0 | 57.00 | 353.00 | 410.00 | OK | |
| r-oldrel-macos-arm64 | 0.3.0 | 16.00 | 10.00 | 26.00 | ERROR | |
| r-oldrel-macos-x86_64 | 0.3.0 | 49.00 | 230.00 | 279.00 | OK | |
| r-oldrel-windows-x86_64 | 0.3.0 | 73.00 | 473.00 | 546.00 | OK |
Version: 0.3.0
Check: package dependencies
Result: ERROR
Package required but not available: ‘signatureSearchData’
See section ‘The DESCRIPTION file’ in the ‘Writing R Extensions’
manual.
Flavor: r-patched-linux-x86_64
Version: 0.3.0
Check: package dependencies
Result: ERROR
Package required but not available: ‘signatureSearch’
See section ‘The DESCRIPTION file’ in the ‘Writing R Extensions’
manual.
Flavor: r-release-linux-x86_64
Version: 0.3.0
Check: package dependencies
Result: ERROR
Packages required but not available:
'signatureSearch', 'signatureSearchData'
See section ‘The DESCRIPTION file’ in the ‘Writing R Extensions’
manual.
Flavors: r-release-macos-arm64, r-release-macos-x86_64
Version: 0.3.0
Check: whether package can be installed
Result: ERROR
Installation failed.
Flavor: r-oldrel-macos-arm64