Last updated on 2025-05-10 16:52:14 CEST.
Flavor | Version | Tinstall | Tcheck | Ttotal | Status | Flags |
---|---|---|---|---|---|---|
r-devel-linux-x86_64-debian-clang | 2.2-8 | 3.28 | 26.50 | 29.78 | NOTE | |
r-devel-linux-x86_64-debian-gcc | 2.2-8 | 2.66 | 20.97 | 23.63 | NOTE | |
r-devel-linux-x86_64-fedora-clang | 2.2-8 | 47.35 | OK | |||
r-devel-linux-x86_64-fedora-gcc | 2.2-8 | 46.11 | OK | |||
r-devel-windows-x86_64 | 2.2-8 | 7.00 | 48.00 | 55.00 | OK | |
r-patched-linux-x86_64 | 2.2-8 | 4.38 | 24.77 | 29.15 | OK | |
r-release-linux-x86_64 | 2.2-8 | 3.08 | 24.77 | 27.85 | OK | |
r-release-macos-arm64 | 2.2-8 | 22.00 | OK | |||
r-release-macos-x86_64 | 2.2-8 | 39.00 | OK | |||
r-release-windows-x86_64 | 2.2-8 | 7.00 | 67.00 | 74.00 | OK | |
r-oldrel-macos-arm64 | 2.2-8 | 26.00 | OK | |||
r-oldrel-macos-x86_64 | 2.2-8 | 42.00 | OK | |||
r-oldrel-windows-x86_64 | 2.2-8 | 8.00 | 57.00 | 65.00 | OK |
Version: 2.2-8
Check: CRAN incoming feasibility
Result: NOTE
Maintainer: ‘Katharine Mullen <mullenkate@gmail.com>’
Package CITATION file contains call(s) to old-style personList() or
as.personList(). Please use c() on person objects instead.
Package CITATION file contains call(s) to old-style citEntry(). Please
use bibentry() instead.
Flavors: r-devel-linux-x86_64-debian-clang, r-devel-linux-x86_64-debian-gcc