Last updated on 2025-05-10 16:52:14 CEST.
Flavor | Version | Tinstall | Tcheck | Ttotal | Status | Flags |
---|---|---|---|---|---|---|
r-devel-linux-x86_64-debian-clang | 2.0 | 2.86 | 25.41 | 28.27 | NOTE | |
r-devel-linux-x86_64-debian-gcc | 2.0 | 2.07 | 20.35 | 22.42 | NOTE | |
r-devel-linux-x86_64-fedora-clang | 2.0 | 43.55 | OK | |||
r-devel-linux-x86_64-fedora-gcc | 2.0 | 41.15 | OK | |||
r-devel-windows-x86_64 | 2.0 | 4.00 | 47.00 | 51.00 | OK | |
r-patched-linux-x86_64 | 2.0 | 2.79 | 24.13 | 26.92 | OK | |
r-release-linux-x86_64 | 2.0 | 2.72 | 24.22 | 26.94 | OK | |
r-release-macos-arm64 | 2.0 | 17.00 | OK | |||
r-release-macos-x86_64 | 2.0 | 45.00 | OK | |||
r-release-windows-x86_64 | 2.0 | 3.00 | 50.00 | 53.00 | OK | |
r-oldrel-macos-arm64 | 2.0 | 16.00 | OK | |||
r-oldrel-macos-x86_64 | 2.0 | 25.00 | OK | |||
r-oldrel-windows-x86_64 | 2.0 | 4.00 | 52.00 | 56.00 | OK |
Version: 2.0
Check: CRAN incoming feasibility
Result: NOTE
Maintainer: ‘Shaofeng Zhang <shaofeng.zhang@wmich.edu>’
No Authors@R field in DESCRIPTION.
Please add one, modifying
Authors@R: c(person(given = c("Joseph", "W."),
family = "McKean",
role = "aut"),
person(given = "Shaofeng",
family = "Zhang",
role = c("aut", "cre"),
email = "shaofeng.zhang@wmich.edu"))
as necessary.
Flavors: r-devel-linux-x86_64-debian-clang, r-devel-linux-x86_64-debian-gcc