Last updated on 2025-07-27 01:48:19 CEST.
Flavor | Version | Tinstall | Tcheck | Ttotal | Status | Flags |
---|---|---|---|---|---|---|
r-devel-linux-x86_64-debian-clang | 0.1.7 | 13.87 | 99.19 | 113.06 | NOTE | |
r-devel-linux-x86_64-debian-gcc | 0.1.7 | 9.81 | 71.88 | 81.69 | NOTE | |
r-devel-linux-x86_64-fedora-clang | 0.1.7 | 169.14 | OK | |||
r-devel-linux-x86_64-fedora-gcc | 0.1.7 | 156.41 | OK | |||
r-devel-windows-x86_64 | 0.1.7 | 13.00 | 97.00 | 110.00 | OK | |
r-patched-linux-x86_64 | 0.1.7 | 12.06 | 90.31 | 102.37 | OK | |
r-release-linux-x86_64 | 0.1.7 | 11.27 | 91.12 | 102.39 | OK | |
r-release-macos-arm64 | 0.1.7 | 46.00 | OK | |||
r-release-macos-x86_64 | 0.1.7 | 90.00 | OK | |||
r-release-windows-x86_64 | 0.1.7 | 13.00 | 95.00 | 108.00 | OK | |
r-oldrel-macos-arm64 | 0.1.7 | 45.00 | OK | |||
r-oldrel-macos-x86_64 | 0.1.7 | 65.00 | OK | |||
r-oldrel-windows-x86_64 | 0.1.7 | 18.00 | 125.00 | 143.00 | OK |
Version: 0.1.7
Check: CRAN incoming feasibility
Result: NOTE
Maintainer: ‘Zhicheng Du<dgdzc@hotmail.com>’
No Authors@R field in DESCRIPTION.
Please add one, modifying
Authors@R: c(person(given = "Zhicheng",
family = "Du",
role = c("aut", "cre"),
email = "dgdzc@hotmail.com"),
person(given = "Yuantao",
family = "Hao",
role = "aut"))
as necessary.
Flavors: r-devel-linux-x86_64-debian-clang, r-devel-linux-x86_64-debian-gcc