Last updated on 2025-05-10 20:49:37 CEST.
Flavor | Version | Tinstall | Tcheck | Ttotal | Status | Flags |
---|---|---|---|---|---|---|
r-devel-linux-x86_64-debian-clang | 1.0 | 4.45 | 48.55 | 53.00 | NOTE | |
r-devel-linux-x86_64-debian-gcc | 1.0 | 4.38 | 36.90 | 41.28 | NOTE | |
r-devel-linux-x86_64-fedora-clang | 1.0 | 81.83 | OK | |||
r-devel-linux-x86_64-fedora-gcc | 1.0 | 77.79 | OK | |||
r-devel-windows-x86_64 | 1.0 | 7.00 | 60.00 | 67.00 | OK | |
r-patched-linux-x86_64 | 1.0 | 5.67 | 46.07 | 51.74 | OK | |
r-release-linux-x86_64 | 1.0 | 5.64 | 45.94 | 51.58 | OK | |
r-release-macos-arm64 | 1.0 | 31.00 | OK | |||
r-release-macos-x86_64 | 1.0 | 47.00 | OK | |||
r-release-windows-x86_64 | 1.0 | 6.00 | 63.00 | 69.00 | OK | |
r-oldrel-macos-arm64 | 1.0 | 31.00 | OK | |||
r-oldrel-macos-x86_64 | 1.0 | 40.00 | OK | |||
r-oldrel-windows-x86_64 | 1.0 | 8.00 | 73.00 | 81.00 | OK |
Version: 1.0
Check: CRAN incoming feasibility
Result: NOTE
Maintainer: ‘Hyeri You <h2you@health.ucsd.edu>’
No Authors@R field in DESCRIPTION.
Please add one, modifying
Authors@R: c(person(given = "Hyeri",
family = "You",
role = c("aut", "cre"),
email = "h2you@health.ucsd.edu"),
person(given = "Ronghui",
family = "Xu",
role = "aut"))
as necessary.
Flavors: r-devel-linux-x86_64-debian-clang, r-devel-linux-x86_64-debian-gcc