Last updated on 2025-05-10 20:49:37 CEST.
Flavor | Version | Tinstall | Tcheck | Ttotal | Status | Flags |
---|---|---|---|---|---|---|
r-devel-linux-x86_64-debian-clang | 1.1.0 | 4.17 | 29.05 | 33.22 | OK | |
r-devel-linux-x86_64-debian-gcc | 1.1.0 | 2.34 | 21.22 | 23.56 | OK | |
r-devel-linux-x86_64-fedora-clang | 1.1.0 | 50.35 | OK | |||
r-devel-linux-x86_64-fedora-gcc | 1.1.0 | 47.25 | OK | |||
r-devel-windows-x86_64 | 1.1.0 | 5.00 | 49.00 | 54.00 | OK | |
r-patched-linux-x86_64 | 1.1.0 | 3.26 | 27.43 | 30.69 | OK | |
r-release-linux-x86_64 | 1.1.0 | 3.78 | 27.04 | 30.82 | OK | |
r-release-macos-arm64 | 1.1.0 | 21.00 | OK | |||
r-release-macos-x86_64 | 1.1.0 | 33.00 | OK | |||
r-release-windows-x86_64 | 1.1.0 | 5.00 | 48.00 | 53.00 | OK | |
r-oldrel-macos-arm64 | 1.1.0 | 18.00 | NOTE | |||
r-oldrel-macos-x86_64 | 1.1.0 | 27.00 | NOTE | |||
r-oldrel-windows-x86_64 | 1.1.0 | 6.00 | 52.00 | 58.00 | NOTE |
Version: 1.1.0
Check: LazyData
Result: NOTE
'LazyData' is specified without a 'data' directory
Flavors: r-oldrel-macos-arm64, r-oldrel-macos-x86_64, r-oldrel-windows-x86_64