Last updated on 2025-05-10 16:52:13 CEST.
Flavor | Version | Tinstall | Tcheck | Ttotal | Status | Flags |
---|---|---|---|---|---|---|
r-devel-linux-x86_64-debian-clang | 0.5.4 | 46.99 | 85.99 | 132.98 | NOTE | |
r-devel-linux-x86_64-debian-gcc | 0.5.4 | 33.51 | 65.99 | 99.50 | NOTE | |
r-devel-linux-x86_64-fedora-clang | 0.5.4 | 234.70 | NOTE | |||
r-devel-linux-x86_64-fedora-gcc | 0.5.4 | 221.61 | NOTE | |||
r-devel-windows-x86_64 | 0.5.4 | 55.00 | 120.00 | 175.00 | NOTE | |
r-patched-linux-x86_64 | 0.5.4 | 44.65 | 80.36 | 125.01 | NOTE | |
r-release-linux-x86_64 | 0.5.4 | 45.40 | 81.55 | 126.95 | NOTE | |
r-release-macos-arm64 | 0.5.4 | 54.00 | NOTE | |||
r-release-macos-x86_64 | 0.5.4 | 104.00 | NOTE | |||
r-release-windows-x86_64 | 0.5.4 | 59.00 | 120.00 | 179.00 | NOTE | |
r-oldrel-macos-arm64 | 0.5.4 | 61.00 | NOTE | |||
r-oldrel-macos-x86_64 | 0.5.4 | 82.00 | NOTE | |||
r-oldrel-windows-x86_64 | 0.5.4 | 67.00 | 149.00 | 216.00 | NOTE |
Version: 0.5.4
Check: C++ specification
Result: NOTE
Specified C++11: please drop specification unless essential
Flavors: r-devel-linux-x86_64-debian-clang, r-devel-linux-x86_64-debian-gcc, r-devel-linux-x86_64-fedora-clang, r-devel-linux-x86_64-fedora-gcc, r-devel-windows-x86_64, r-patched-linux-x86_64, r-release-linux-x86_64, r-release-macos-arm64, r-release-macos-x86_64, r-release-windows-x86_64, r-oldrel-macos-arm64, r-oldrel-macos-x86_64, r-oldrel-windows-x86_64