Last updated on 2025-05-10 16:52:13 CEST.
Flavor | Version | Tinstall | Tcheck | Ttotal | Status | Flags |
---|---|---|---|---|---|---|
r-devel-linux-x86_64-debian-clang | 1.0.5 | 4.42 | 41.23 | 45.65 | OK | |
r-devel-linux-x86_64-debian-gcc | 1.0.5 | 3.54 | 33.09 | 36.63 | OK | |
r-devel-linux-x86_64-fedora-clang | 1.0.5 | 71.77 | OK | |||
r-devel-linux-x86_64-fedora-gcc | 1.0.5 | 89.34 | OK | |||
r-devel-windows-x86_64 | 1.0.5 | 5.00 | 58.00 | 63.00 | OK | |
r-patched-linux-x86_64 | 1.0.5 | 4.83 | 39.05 | 43.88 | OK | |
r-release-linux-x86_64 | 1.0.5 | 4.76 | 38.94 | 43.70 | OK | |
r-release-macos-arm64 | 1.0.5 | 36.00 | OK | |||
r-release-macos-x86_64 | 1.0.5 | 59.00 | OK | |||
r-release-windows-x86_64 | 1.0.5 | 6.00 | 58.00 | 64.00 | OK | |
r-oldrel-macos-arm64 | 1.0.5 | 35.00 | NOTE | |||
r-oldrel-macos-x86_64 | 1.0.5 | 65.00 | NOTE | |||
r-oldrel-windows-x86_64 | 1.0.5 | 8.00 | 69.00 | 77.00 | NOTE |
Version: 1.0.5
Check: installed package size
Result: NOTE
installed size is 7.2Mb
sub-directories of 1Mb or more:
doc 2.0Mb
vignette_data 2.6Mb
Flavors: r-oldrel-macos-arm64, r-oldrel-macos-x86_64, r-oldrel-windows-x86_64