Last updated on 2025-05-10 16:52:13 CEST.
Flavor | Version | Tinstall | Tcheck | Ttotal | Status | Flags |
---|---|---|---|---|---|---|
r-devel-linux-x86_64-debian-clang | 0.1.2 | 13.28 | 140.71 | 153.99 | OK | |
r-devel-linux-x86_64-debian-gcc | 0.1.2 | 10.31 | 100.29 | 110.60 | OK | |
r-devel-linux-x86_64-fedora-clang | 0.1.2 | 246.24 | NOTE | |||
r-devel-linux-x86_64-fedora-gcc | 0.1.2 | 241.19 | NOTE | |||
r-devel-windows-x86_64 | 0.1.2 | 15.00 | 139.00 | 154.00 | OK | |
r-patched-linux-x86_64 | 0.1.2 | 13.44 | 134.00 | 147.44 | OK | |
r-release-linux-x86_64 | 0.1.2 | 13.96 | 132.73 | 146.69 | OK | |
r-release-macos-arm64 | 0.1.2 | 72.00 | OK | |||
r-release-macos-x86_64 | 0.1.2 | 135.00 | OK | |||
r-release-windows-x86_64 | 0.1.2 | 15.00 | 139.00 | 154.00 | OK | |
r-oldrel-macos-arm64 | 0.1.2 | 69.00 | OK | |||
r-oldrel-macos-x86_64 | 0.1.2 | 99.00 | OK | |||
r-oldrel-windows-x86_64 | 0.1.2 | 20.00 | 187.00 | 207.00 | OK |
Version: 0.1.2
Check: dependencies in R code
Result: NOTE
Namespaces in Imports field not imported from:
‘kernlab’ ‘purrr’ ‘survminer’ ‘tidyverse’
All declared Imports should be used.
Flavors: r-devel-linux-x86_64-fedora-clang, r-devel-linux-x86_64-fedora-gcc