CRAN Package Check Results for Package CondMVT

Last updated on 2025-05-10 12:49:38 CEST.

Flavor Version Tinstall Tcheck Ttotal Status Flags
r-devel-linux-x86_64-debian-clang 0.1.0 2.44 33.10 35.54 NOTE
r-devel-linux-x86_64-debian-gcc 0.1.0 1.75 23.65 25.40 NOTE
r-devel-linux-x86_64-fedora-clang 0.1.0 54.84 OK
r-devel-linux-x86_64-fedora-gcc 0.1.0 51.29 OK
r-devel-windows-x86_64 0.1.0 3.00 51.00 54.00 NOTE
r-patched-linux-x86_64 0.1.0 2.60 32.31 34.91 NOTE
r-release-linux-x86_64 0.1.0 2.23 31.63 33.86 NOTE
r-release-macos-arm64 0.1.0 17.00 OK
r-release-macos-x86_64 0.1.0 35.00 OK
r-release-windows-x86_64 0.1.0 4.00 53.00 57.00 NOTE
r-oldrel-macos-arm64 0.1.0 20.00 OK
r-oldrel-macos-x86_64 0.1.0 27.00 OK
r-oldrel-windows-x86_64 0.1.0 3.00 59.00 62.00 OK

Check Details

Version: 0.1.0
Check: Rd cross-references
Result: NOTE Found the following Rd file(s) with Rd \link{} targets missing package anchors: pcmvt.Rd: pmvt, GenzBretz Please provide package anchors for all Rd \link{} targets not in the package itself and the base packages. Flavors: r-devel-linux-x86_64-debian-clang, r-devel-linux-x86_64-debian-gcc, r-devel-windows-x86_64, r-patched-linux-x86_64, r-release-linux-x86_64, r-release-windows-x86_64