Last updated on 2025-05-10 20:49:37 CEST.
Flavor | Version | Tinstall | Tcheck | Ttotal | Status | Flags |
---|---|---|---|---|---|---|
r-devel-linux-x86_64-debian-clang | 0.8.0 | 56.23 | 269.91 | 326.14 | NOTE | |
r-devel-linux-x86_64-debian-gcc | 0.8.0 | 39.62 | 181.79 | 221.41 | NOTE | |
r-devel-linux-x86_64-fedora-clang | 0.8.0 | 504.58 | OK | |||
r-devel-linux-x86_64-fedora-gcc | 0.8.0 | 510.74 | OK | |||
r-devel-windows-x86_64 | 0.8.0 | 56.00 | 242.00 | 298.00 | NOTE | |
r-patched-linux-x86_64 | 0.8.0 | 60.27 | 254.20 | 314.47 | NOTE | |
r-release-linux-x86_64 | 0.8.0 | 58.04 | 253.14 | 311.18 | NOTE | |
r-release-macos-arm64 | 0.8.0 | 132.00 | OK | |||
r-release-macos-x86_64 | 0.8.0 | 7.00 | ERROR | |||
r-release-windows-x86_64 | 0.8.0 | 56.00 | 242.00 | 298.00 | NOTE | |
r-oldrel-macos-arm64 | 0.8.0 | 96.00 | NOTE | |||
r-oldrel-macos-x86_64 | 0.8.0 | 14.00 | ERROR | |||
r-oldrel-windows-x86_64 | 0.8.0 | 74.00 | 326.00 | 400.00 | NOTE |
Version: 0.8.0
Check: Rd cross-references
Result: NOTE
Found the following Rd file(s) with Rd \link{} targets missing package
anchors:
ctmaAllInvFit.Rd: ctStanFit
ctmaFit.Rd: ctStanFit, ctsem
ctmaInit.Rd: ctStanFit, ctsem
ctmaOptimizeFit.Rd: ctStanFit
ctmaOptimizeInit.Rd: ctStanFit
ctmaPlotCtsemMod.Rd: ctsem
ctmaScaleInits.Rd: ctStanFit
Please provide package anchors for all Rd \link{} targets not in the
package itself and the base packages.
Flavors: r-devel-linux-x86_64-debian-clang, r-devel-linux-x86_64-debian-gcc, r-devel-windows-x86_64, r-patched-linux-x86_64, r-release-linux-x86_64, r-release-windows-x86_64
Version: 0.8.0
Check: package dependencies
Result: ERROR
Package required but not available: ‘ctsem’
See section ‘The DESCRIPTION file’ in the ‘Writing R Extensions’
manual.
Flavors: r-release-macos-x86_64, r-oldrel-macos-x86_64
Version: 0.8.0
Check: installed package size
Result: NOTE
installed size is 7.4Mb
sub-directories of 1Mb or more:
data 4.8Mb
doc 1.6Mb
Flavors: r-oldrel-macos-arm64, r-oldrel-windows-x86_64