Last updated on 2025-07-28 04:50:01 CEST.
Flavor | Version | Tinstall | Tcheck | Ttotal | Status | Flags |
---|---|---|---|---|---|---|
r-devel-linux-x86_64-debian-clang | 0.1.0 | 5.90 | 62.78 | 68.68 | OK | |
r-devel-linux-x86_64-debian-gcc | 0.1.0 | 4.65 | 46.41 | 51.06 | OK | |
r-devel-linux-x86_64-fedora-clang | 0.1.0 | 111.16 | NOTE | |||
r-devel-linux-x86_64-fedora-gcc | 0.1.0 | 116.88 | NOTE | |||
r-devel-windows-x86_64 | 0.1.0 | 9.00 | 83.00 | 92.00 | OK | |
r-patched-linux-x86_64 | 0.1.0 | 5.81 | 58.94 | 64.75 | OK | |
r-release-linux-x86_64 | 0.1.0 | 6.09 | 59.02 | 65.11 | OK | |
r-release-macos-arm64 | 0.1.0 | 50.00 | OK | |||
r-release-macos-x86_64 | 0.1.0 | 78.00 | OK | |||
r-release-windows-x86_64 | 0.1.0 | 8.00 | 74.00 | 82.00 | OK | |
r-oldrel-macos-arm64 | 0.1.0 | 37.00 | OK | |||
r-oldrel-macos-x86_64 | 0.1.0 | 62.00 | OK | |||
r-oldrel-windows-x86_64 | 0.1.0 | 9.00 | 89.00 | 98.00 | OK |
Version: 0.1.0
Check: dependencies in R code
Result: NOTE
Namespace in Imports field not imported from: ‘utils’
All declared Imports should be used.
Flavors: r-devel-linux-x86_64-fedora-clang, r-devel-linux-x86_64-fedora-gcc