Last updated on 2025-05-10 20:49:36 CEST.
Flavor | Version | Tinstall | Tcheck | Ttotal | Status | Flags |
---|---|---|---|---|---|---|
r-devel-linux-x86_64-debian-clang | 1.2 | 2.00 | 18.28 | 20.28 | NOTE | |
r-devel-linux-x86_64-debian-gcc | 1.2 | 1.45 | 14.51 | 15.96 | NOTE | |
r-devel-linux-x86_64-fedora-clang | 1.2 | 31.00 | OK | |||
r-devel-linux-x86_64-fedora-gcc | 1.2 | 29.81 | OK | |||
r-devel-windows-x86_64 | 1.2 | 3.00 | 38.00 | 41.00 | OK | |
r-patched-linux-x86_64 | 1.2 | 2.07 | 17.45 | 19.52 | OK | |
r-release-linux-x86_64 | 1.2 | 1.70 | 17.37 | 19.07 | OK | |
r-release-macos-arm64 | 1.2 | 15.00 | OK | |||
r-release-macos-x86_64 | 1.2 | 22.00 | OK | |||
r-release-windows-x86_64 | 1.2 | 3.00 | 39.00 | 42.00 | OK | |
r-oldrel-macos-arm64 | 1.2 | 19.00 | OK | |||
r-oldrel-macos-x86_64 | 1.2 | 32.00 | OK | |||
r-oldrel-windows-x86_64 | 1.2 | 5.00 | 41.00 | 46.00 | OK |
Version: 1.2
Check: CRAN incoming feasibility
Result: NOTE
Maintainer: ‘Mike Malek-Ahmadi <michael.malekahmadi@bannerhealth.com>’
No Authors@R field in DESCRIPTION.
Please add one, modifying
Authors@R: c(person(given = "Mike",
family = "Malek-Ahmadi",
role = c("aut", "cre"),
email = "michael.malekahmadi@bannerhealth.com"),
person(given = "Kjera",
family = "Schack",
role = "aut",
email = "kgschack@asu.edu"))
as necessary.
Flavors: r-devel-linux-x86_64-debian-clang, r-devel-linux-x86_64-debian-gcc