CRAN Package Check Results for Package ClassificationEnsembles

Last updated on 2025-10-17 09:49:51 CEST.

Flavor Version Tinstall Tcheck Ttotal Status Flags
r-devel-linux-x86_64-debian-clang 0.7.0 30.83 182.30 213.13 OK
r-devel-linux-x86_64-debian-gcc 0.7.1 19.07 129.06 148.13 OK
r-devel-linux-x86_64-fedora-clang 0.7.1 341.16 OK
r-devel-linux-x86_64-fedora-gcc 0.7.1 340.42 OK
r-devel-windows-x86_64 0.7.0 31.00 154.00 185.00 OK
r-patched-linux-x86_64 0.7.0 25.83 171.57 197.40 OK
r-release-linux-x86_64 0.6.0 35.87 176.95 212.82 OK
r-release-macos-arm64 0.7.1 83.00 OK
r-release-macos-x86_64 0.7.1 178.00 OK
r-release-windows-x86_64 0.7.1 29.00 175.00 204.00 OK
r-oldrel-macos-arm64 0.7.1 99.00 NOTE
r-oldrel-macos-x86_64 0.7.1 173.00 NOTE
r-oldrel-windows-x86_64 0.7.0 30.00 216.00 246.00 NOTE

Check Details

Version: 0.7.1
Check: package dependencies
Result: NOTE Depends: includes the non-default packages: 'C50', 'car', 'caret', 'corrplot', 'doParallel', 'dplyr', 'e1071', 'ggplot2', 'gt', 'ipred', 'MachineShop', 'magrittr', 'parallel', 'pls', 'purrr', 'randomForest', 'ranger', 'reactable', 'reactablefmtr', 'scales', 'tidyr', 'tree' Adding so many packages to the search path is excessive and importing selectively is preferable. Flavors: r-oldrel-macos-arm64, r-oldrel-macos-x86_64

Version: 0.7.0
Check: package dependencies
Result: NOTE Depends: includes the non-default packages: 'C50', 'car', 'caret', 'corrplot', 'doParallel', 'dplyr', 'e1071', 'ggplot2', 'gt', 'ipred', 'MachineShop', 'magrittr', 'parallel', 'pls', 'purrr', 'randomForest', 'ranger', 'reactable', 'reactablefmtr', 'scales', 'tidyr', 'tree' Adding so many packages to the search path is excessive and importing selectively is preferable. Flavor: r-oldrel-windows-x86_64