Last updated on 2025-05-10 12:49:38 CEST.
Flavor | Version | Tinstall | Tcheck | Ttotal | Status | Flags |
---|---|---|---|---|---|---|
r-devel-linux-x86_64-debian-clang | 0.9.0 | 107.65 | 42.72 | 150.37 | NOTE | |
r-devel-linux-x86_64-debian-gcc | 0.9.0 | 71.92 | 31.89 | 103.81 | NOTE | |
r-devel-linux-x86_64-fedora-clang | 0.9.0 | 318.49 | NOTE | |||
r-devel-linux-x86_64-fedora-gcc | 0.9.0 | 290.34 | NOTE | |||
r-devel-windows-x86_64 | 0.9.0 | 124.00 | 92.00 | 216.00 | NOTE | |
r-patched-linux-x86_64 | 0.9.0 | 106.44 | 39.08 | 145.52 | NOTE | |
r-release-linux-x86_64 | 0.9.0 | 102.61 | 39.48 | 142.09 | NOTE | |
r-release-macos-arm64 | 0.9.0 | 79.00 | NOTE | |||
r-release-macos-x86_64 | 0.9.0 | 74.00 | NOTE | |||
r-release-windows-x86_64 | 0.9.0 | 119.00 | 91.00 | 210.00 | NOTE | |
r-oldrel-macos-arm64 | 0.9.0 | 59.00 | NOTE | |||
r-oldrel-macos-x86_64 | 0.9.0 | 69.00 | NOTE | |||
r-oldrel-windows-x86_64 | 0.9.0 | 144.00 | 104.00 | 248.00 | NOTE |
Version: 0.9.0
Check: CRAN incoming feasibility
Result: NOTE
Maintainer: ‘Mario Santoro <santoro.ma@gmail.com>’
The BugReports field in DESCRIPTION has
https://github.com/santoroma/CircSpaceTime
which should likely be
https://github.com/santoroma/CircSpaceTime/issues
instead.
Flavors: r-devel-linux-x86_64-debian-clang, r-devel-linux-x86_64-debian-gcc
Version: 0.9.0
Check: C++ specification
Result: NOTE
Specified C++11: please drop specification unless essential
Flavors: r-devel-linux-x86_64-debian-clang, r-devel-linux-x86_64-debian-gcc, r-devel-linux-x86_64-fedora-clang, r-devel-linux-x86_64-fedora-gcc, r-devel-windows-x86_64, r-patched-linux-x86_64, r-release-linux-x86_64, r-release-macos-arm64, r-release-macos-x86_64, r-release-windows-x86_64, r-oldrel-macos-arm64, r-oldrel-macos-x86_64, r-oldrel-windows-x86_64
Version: 0.9.0
Check: dependencies in R code
Result: NOTE
Namespaces in Imports field not imported from:
‘RInside’ ‘circular’
All declared Imports should be used.
Flavors: r-devel-linux-x86_64-fedora-clang, r-devel-linux-x86_64-fedora-gcc
Version: 0.9.0
Check: installed package size
Result: NOTE
installed size is 7.1Mb
sub-directories of 1Mb or more:
data 1.8Mb
libs 4.7Mb
Flavors: r-oldrel-macos-arm64, r-oldrel-macos-x86_64