Last updated on 2025-05-10 16:52:12 CEST.
Flavor | Version | Tinstall | Tcheck | Ttotal | Status | Flags |
---|---|---|---|---|---|---|
r-devel-linux-x86_64-debian-clang | 2.1.3 | 9.44 | 72.08 | 81.52 | NOTE | |
r-devel-linux-x86_64-debian-gcc | 2.1.3 | 6.33 | 51.78 | 58.11 | NOTE | |
r-devel-linux-x86_64-fedora-clang | 2.1.3 | 125.98 | OK | |||
r-devel-linux-x86_64-fedora-gcc | 2.1.3 | 119.12 | OK | |||
r-devel-windows-x86_64 | 2.1.3 | 10.00 | 79.00 | 89.00 | OK | |
r-patched-linux-x86_64 | 2.1.3 | 8.23 | 68.66 | 76.89 | OK | |
r-release-linux-x86_64 | 2.1.3 | 8.18 | 68.88 | 77.06 | OK | |
r-release-macos-arm64 | 2.1.3 | 41.00 | OK | |||
r-release-macos-x86_64 | 2.1.3 | 70.00 | OK | |||
r-release-windows-x86_64 | 2.1.3 | 10.00 | 84.00 | 94.00 | OK | |
r-oldrel-macos-arm64 | 2.1.3 | 36.00 | OK | |||
r-oldrel-macos-x86_64 | 2.1.3 | 55.00 | OK | |||
r-oldrel-windows-x86_64 | 2.1.3 | 13.00 | 101.00 | 114.00 | OK |
Version: 2.1.3
Check: CRAN incoming feasibility
Result: NOTE
Maintainer: ‘Mengying Zhang <zhangmengying@hrbmu.edu.cn>’
No Authors@R field in DESCRIPTION.
Please add one, modifying
Authors@R: c(person(given = c("Mengying", "Zhang,Yongsheng", "Li,Juan", "Xu*,Xia"),
family = "Li*",
role = "aut"),
person(given = "Mengying",
family = "Zhang",
role = "cre",
email = "zhangmengying@hrbmu.edu.cn"))
as necessary.
Flavors: r-devel-linux-x86_64-debian-clang, r-devel-linux-x86_64-debian-gcc