Last updated on 2025-05-10 08:50:33 CEST.
Flavor | Version | Tinstall | Tcheck | Ttotal | Status | Flags |
---|---|---|---|---|---|---|
r-devel-linux-x86_64-debian-clang | 0.3 | 64.72 | 119.50 | 184.22 | NOTE | |
r-devel-linux-x86_64-debian-gcc | 0.3 | 46.85 | 87.07 | 133.92 | NOTE | |
r-devel-linux-x86_64-fedora-clang | 0.3 | 308.03 | NOTE | |||
r-devel-linux-x86_64-fedora-gcc | 0.3 | 314.07 | NOTE | |||
r-devel-windows-x86_64 | 0.3 | 79.00 | 141.00 | 220.00 | NOTE | |
r-patched-linux-x86_64 | 0.3 | 59.26 | 114.84 | 174.10 | NOTE | |
r-release-linux-x86_64 | 0.3 | 53.70 | 114.87 | 168.57 | NOTE | |
r-release-macos-arm64 | 0.3 | 126.00 | NOTE | |||
r-release-macos-x86_64 | 0.3 | 144.00 | NOTE | |||
r-release-windows-x86_64 | 0.3 | 78.00 | 146.00 | 224.00 | NOTE | |
r-oldrel-macos-arm64 | 0.3 | 50.00 | NOTE | |||
r-oldrel-macos-x86_64 | 0.3 | 80.00 | NOTE | |||
r-oldrel-windows-x86_64 | 0.3 | 95.00 | 177.00 | 272.00 | NOTE |
Version: 0.3
Check: DESCRIPTION meta-information
Result: NOTE
Missing dependency on R >= 4.1.0 because package code uses the pipe
|> or function shorthand \(...) syntax added in R 4.1.0.
File(s) using such syntax:
‘CBRBase.R’ ‘RFModel.R’ ‘RegressionModel.R’ ‘distance.R’
‘generate_grid.R’ ‘utils.R’
Flavors: r-devel-linux-x86_64-debian-clang, r-devel-linux-x86_64-debian-gcc, r-devel-linux-x86_64-fedora-clang, r-devel-linux-x86_64-fedora-gcc, r-devel-windows-x86_64, r-patched-linux-x86_64, r-release-linux-x86_64, r-release-macos-arm64, r-release-macos-x86_64, r-release-windows-x86_64
Version: 0.3
Check: for GNU extensions in Makefiles
Result: NOTE
GNU make is a SystemRequirements.
Flavors: r-oldrel-macos-arm64, r-oldrel-macos-x86_64, r-oldrel-windows-x86_64